Last updated on 2023-03-27 08:51:25 CEST.
Flavor | Version | Tinstall | Tcheck | Ttotal | Status | Flags |
---|---|---|---|---|---|---|
r-devel-linux-x86_64-debian-clang | 1.2.3 | 8.85 | 223.68 | 232.53 | OK | |
r-devel-linux-x86_64-debian-gcc | 1.2.3 | 5.78 | 166.52 | 172.30 | OK | |
r-devel-linux-x86_64-fedora-clang | 1.2.3 | 275.03 | NOTE | |||
r-devel-linux-x86_64-fedora-gcc | 1.2.3 | 276.10 | NOTE | |||
r-patched-linux-x86_64 | 1.2.3 | 5.43 | 212.75 | 218.18 | OK | |
r-release-linux-x86_64 | 1.2.3 | 4.89 | 209.45 | 214.34 | OK | |
r-release-macos-arm64 | 1.2.3 | 94.00 | NOTE | |||
r-release-macos-x86_64 | 1.2.3 | 108.00 | NOTE | |||
r-release-windows-x86_64 | 1.2.3 | 31.00 | 264.00 | 295.00 | OK | |
r-oldrel-macos-arm64 | 1.2.3 | 90.00 | NOTE | |||
r-oldrel-macos-x86_64 | 1.2.3 | 114.00 | NOTE | |||
r-oldrel-windows-ix86+x86_64 | 1.2.3 | 18.00 | 303.00 | 321.00 | OK |
Version: 1.2.3
Check: dependencies in R code
Result: NOTE
Namespaces in Imports field not imported from:
‘DT’ ‘gridExtra’
All declared Imports should be used.
Flavors: r-devel-linux-x86_64-fedora-clang, r-devel-linux-x86_64-fedora-gcc, r-release-macos-arm64, r-release-macos-x86_64, r-oldrel-macos-arm64, r-oldrel-macos-x86_64