CRAN Package Check Results for Package santaR

Last updated on 2024-02-23 07:52:20 CET.

Flavor Version Tinstall Tcheck Ttotal Status Flags
r-devel-linux-x86_64-debian-clang 1.2.3 NOTE
r-devel-linux-x86_64-debian-gcc 1.2.3 6.40 163.00 169.40 NOTE
r-devel-linux-x86_64-fedora-clang 1.2.3 274.38 NOTE
r-devel-linux-x86_64-fedora-gcc 1.2.3 278.03 NOTE
r-devel-windows-x86_64 1.2.3 8.00 166.00 174.00 OK
r-patched-linux-x86_64 1.2.3 5.32 215.95 221.27 OK
r-release-linux-x86_64 1.2.3 4.79 213.32 218.11 OK
r-release-macos-arm64 1.2.3 92.00 OK
r-release-macos-x86_64 1.2.3 148.00 OK
r-release-windows-x86_64 1.2.3 11.00 207.00 218.00 OK
r-oldrel-macos-arm64 1.2.3 94.00 NOTE
r-oldrel-windows-x86_64 1.2.3 14.00 215.00 229.00 OK

Check Details

Version: 1.2.3
Check: Rd files
Result: NOTE checkRd: (-1) santaR_auto_summary.Rd:54: Lost braces; missing escapes or markup? 54 | A list: \code{result$pval.all} \code{data.frame} of \emph{p}-values, with all variables as rows and different \emph{p}-value corrections as columns. \code{result$pval.summary} \code{data.frame} of number of variables with a \emph{p}-value inferior to a cut-off. Different metric and {p}-value correction as rows, different cut-off (\emph{Inf 0.05}, \emph{Inf 0.01}, \emph{Inf 0.001}) as columns. | ^ Flavors: r-devel-linux-x86_64-debian-clang, r-devel-linux-x86_64-debian-gcc

Version: 1.2.3
Check: dependencies in R code
Result: NOTE Namespaces in Imports field not imported from: ‘DT’ ‘gridExtra’ All declared Imports should be used. Flavors: r-devel-linux-x86_64-fedora-clang, r-devel-linux-x86_64-fedora-gcc, r-oldrel-macos-arm64