CRAN Package Check Results for Package sambia

Last updated on 2024-07-14 20:51:10 CEST.

Flavor Version Tinstall Tcheck Ttotal Status Flags
r-devel-linux-x86_64-debian-clang 0.1.0 10.06 99.67 109.73 NOTE
r-devel-linux-x86_64-debian-gcc 0.1.0 8.45 74.32 82.77 NOTE
r-devel-linux-x86_64-fedora-clang 0.1.0 144.80 NOTE
r-devel-linux-x86_64-fedora-gcc 0.1.0 130.78 NOTE
r-devel-windows-x86_64 0.1.0 11.00 87.00 98.00 NOTE
r-patched-linux-x86_64 0.1.0 9.45 95.75 105.20 NOTE
r-release-linux-x86_64 0.1.0 8.14 96.70 104.84 NOTE
r-release-macos-arm64 0.1.0 39.00 NOTE
r-release-macos-x86_64 0.1.0 60.00 NOTE
r-release-windows-x86_64 0.1.0 11.00 88.00 99.00 NOTE
r-oldrel-macos-arm64 0.1.0 42.00 NOTE
r-oldrel-macos-x86_64 0.1.0 72.00 NOTE
r-oldrel-windows-x86_64 0.1.0 13.00 106.00 119.00 NOTE

Check Details

Version: 0.1.0
Check: LazyData
Result: NOTE 'LazyData' is specified without a 'data' directory Flavors: r-devel-linux-x86_64-debian-clang, r-devel-linux-x86_64-debian-gcc, r-devel-linux-x86_64-fedora-clang, r-devel-linux-x86_64-fedora-gcc, r-devel-windows-x86_64, r-patched-linux-x86_64, r-release-linux-x86_64, r-release-macos-arm64, r-release-macos-x86_64, r-release-windows-x86_64, r-oldrel-macos-arm64, r-oldrel-macos-x86_64, r-oldrel-windows-x86_64