Last updated on 2023-01-27 19:49:43 CET.
Flavor | Version | Tinstall | Tcheck | Ttotal | Status | Flags |
---|---|---|---|---|---|---|
r-devel-linux-x86_64-debian-clang | 0.2.1 | 2.19 | 22.80 | 24.99 | NOTE | |
r-devel-linux-x86_64-debian-gcc | 0.2.1 | 2.06 | 17.52 | 19.58 | NOTE | |
r-devel-linux-x86_64-fedora-clang | 0.2.1 | 31.76 | NOTE | |||
r-devel-linux-x86_64-fedora-gcc | 0.2.1 | 30.87 | NOTE | |||
r-patched-linux-x86_64 | 0.2.1 | 2.64 | 22.52 | 25.16 | NOTE | |
r-release-linux-x86_64 | 0.2.1 | 2.06 | 22.51 | 24.57 | NOTE | |
r-release-macos-arm64 | 0.2.1 | 15.00 | NOTE | |||
r-release-macos-x86_64 | 0.2.1 | 22.00 | NOTE | |||
r-release-windows-x86_64 | 0.2.1 | 11.00 | 50.00 | 61.00 | NOTE | |
r-oldrel-macos-arm64 | 0.2.1 | 18.00 | NOTE | |||
r-oldrel-macos-x86_64 | 0.2.1 | 21.00 | NOTE | |||
r-oldrel-windows-ix86+x86_64 | 0.2.1 | 6.00 | 53.00 | 59.00 | NOTE |
Version: 0.2.1
Check: package subdirectories
Result: NOTE
Problems with news in ‘NEWS.md’:
No news entries found.
Flavors: r-devel-linux-x86_64-debian-clang, r-devel-linux-x86_64-debian-gcc, r-devel-linux-x86_64-fedora-clang, r-devel-linux-x86_64-fedora-gcc
Version: 0.2.1
Check: LazyData
Result: NOTE
'LazyData' is specified without a 'data' directory
Flavors: r-devel-linux-x86_64-debian-clang, r-devel-linux-x86_64-debian-gcc, r-devel-linux-x86_64-fedora-clang, r-devel-linux-x86_64-fedora-gcc, r-patched-linux-x86_64, r-release-linux-x86_64, r-release-macos-arm64, r-release-macos-x86_64, r-release-windows-x86_64, r-oldrel-macos-arm64, r-oldrel-macos-x86_64, r-oldrel-windows-ix86+x86_64