CRAN Package Check Results for Package sGMRFmix

Last updated on 2022-11-28 06:50:23 CET.

Flavor Version Tinstall Tcheck Ttotal Status Flags
r-devel-linux-x86_64-debian-clang 0.3.0 6.71 644.88 651.59 NOTE
r-devel-linux-x86_64-debian-gcc 0.3.0 5.39 406.49 411.88 NOTE
r-devel-linux-x86_64-fedora-clang 0.3.0 753.79 NOTE
r-devel-linux-x86_64-fedora-gcc 0.3.0 744.88 NOTE
r-devel-windows-x86_64 0.3.0 13.00 547.00 560.00 NOTE
r-patched-linux-x86_64 0.3.0 4.43 606.80 611.23 NOTE
r-release-linux-x86_64 0.3.0 4.24 610.52 614.76 NOTE
r-release-macos-arm64 0.3.0 147.00 NOTE
r-release-macos-x86_64 0.3.0 258.00 NOTE
r-release-windows-x86_64 0.3.0 20.00 536.00 556.00 NOTE
r-oldrel-macos-arm64 0.3.0 224.00 NOTE
r-oldrel-macos-x86_64 0.3.0 289.00 NOTE
r-oldrel-windows-ix86+x86_64 0.3.0 16.00 671.00 687.00 NOTE

Check Details

Version: 0.3.0
Check: LazyData
Result: NOTE
     'LazyData' is specified without a 'data' directory
Flavors: r-devel-linux-x86_64-debian-clang, r-devel-linux-x86_64-debian-gcc, r-devel-linux-x86_64-fedora-clang, r-devel-linux-x86_64-fedora-gcc, r-devel-windows-x86_64, r-patched-linux-x86_64, r-release-linux-x86_64, r-release-macos-arm64, r-release-macos-x86_64, r-release-windows-x86_64, r-oldrel-macos-arm64, r-oldrel-macos-x86_64, r-oldrel-windows-ix86+x86_64