Last updated on 2022-08-10 08:52:45 CEST.
Flavor | Version | Tinstall | Tcheck | Ttotal | Status | Flags |
---|---|---|---|---|---|---|
r-devel-linux-x86_64-debian-clang | 0.6.1.1.3 | 169.82 | 78.50 | 248.32 | OK | |
r-devel-linux-x86_64-debian-gcc | 0.6.1.1.3 | 137.88 | 61.08 | 198.96 | OK | |
r-devel-linux-x86_64-fedora-clang | 0.6.1.1.3 | 289.74 | NOTE | |||
r-devel-linux-x86_64-fedora-gcc | 0.6.1.1.3 | 331.84 | OK | |||
r-devel-windows-x86_64 | 0.6.1.1.3 | 293.00 | 140.00 | 433.00 | NOTE | |
r-patched-linux-x86_64 | 0.6.1.1.3 | 145.49 | 77.66 | 223.15 | OK | |
r-release-linux-x86_64 | 0.6.1.1.3 | OK | ||||
r-release-macos-arm64 | 0.6.1.1.3 | 89.00 | NOTE | |||
r-release-macos-x86_64 | 0.6.1.1.3 | 111.00 | NOTE | |||
r-release-windows-x86_64 | 0.6.1.1.3 | 269.00 | 144.00 | 413.00 | NOTE | |
r-oldrel-macos-arm64 | 0.6.1.1.3 | 78.00 | NOTE | |||
r-oldrel-macos-x86_64 | 0.6.1.1.3 | 107.00 | NOTE | |||
r-oldrel-windows-ix86+x86_64 | 0.6.1.1.3 | 319.00 | 166.00 | 485.00 | NOTE |
Version: 0.6.1.1.3
Check: installed package size
Result: NOTE
installed size is 10.5Mb
sub-directories of 1Mb or more:
include 5.0Mb
libs 5.1Mb
Flavors: r-devel-linux-x86_64-fedora-clang, r-devel-windows-x86_64, r-release-macos-arm64, r-release-macos-x86_64, r-release-windows-x86_64, r-oldrel-macos-arm64, r-oldrel-macos-x86_64, r-oldrel-windows-ix86+x86_64
Version: 0.6.1.1.3
Check: Rd cross-references
Result: NOTE
Undeclared package ‘wdm’ in Rd xrefs
Flavor: r-devel-linux-x86_64-fedora-clang