Last updated on 2023-02-04 19:58:22 CET.
Flavor | Version | Tinstall | Tcheck | Ttotal | Status | Flags |
---|---|---|---|---|---|---|
r-devel-linux-x86_64-debian-clang | 0.1.3 | 2.87 | 29.81 | 32.68 | OK | |
r-devel-linux-x86_64-debian-gcc | 0.1.3 | 2.46 | 23.38 | 25.84 | OK | |
r-devel-linux-x86_64-fedora-clang | 0.1.3 | 43.47 | NOTE | |||
r-devel-linux-x86_64-fedora-gcc | 0.1.3 | 42.50 | NOTE | |||
r-devel-windows-x86_64 | 0.1.3 | 19.00 | 59.00 | 78.00 | OK | |
r-patched-linux-x86_64 | 0.1.3 | 2.48 | 30.00 | 32.48 | OK | |
r-release-linux-x86_64 | 0.1.3 | 2.80 | 28.95 | 31.75 | OK | |
r-release-macos-arm64 | 0.1.3 | 18.00 | OK | |||
r-release-macos-x86_64 | 0.1.3 | 24.00 | OK | |||
r-release-windows-x86_64 | 0.1.3 | 14.00 | 63.00 | 77.00 | OK | |
r-oldrel-macos-arm64 | 0.1.3 | 18.00 | OK | |||
r-oldrel-macos-x86_64 | 0.1.3 | 26.00 | OK | |||
r-oldrel-windows-ix86+x86_64 | 0.1.3 | 7.00 | 56.00 | 63.00 | OK |
Version: 0.1.3
Check: package dependencies
Result: NOTE
Package suggested but not available for checking: ‘RQuantLib’
Flavors: r-devel-linux-x86_64-fedora-clang, r-devel-linux-x86_64-fedora-gcc