Last updated on 2023-03-25 07:59:45 CET.
Flavor | Version | Tinstall | Tcheck | Ttotal | Status | Flags |
---|---|---|---|---|---|---|
r-devel-linux-x86_64-debian-clang | 5.0.0 | 10.25 | 226.19 | 236.44 | OK | |
r-devel-linux-x86_64-debian-gcc | 5.0.0 | 6.05 | 167.01 | 173.06 | OK | |
r-devel-linux-x86_64-fedora-clang | 5.0.0 | 303.78 | NOTE | |||
r-devel-linux-x86_64-fedora-gcc | 5.0.0 | 315.35 | NOTE | |||
r-patched-linux-x86_64 | 5.0.0 | 9.31 | 215.37 | 224.68 | OK | |
r-release-linux-x86_64 | 5.0.0 | 8.07 | 215.59 | 223.66 | OK | |
r-release-macos-arm64 | 5.0.0 | 85.00 | NOTE | |||
r-release-macos-x86_64 | 5.0.0 | 140.00 | NOTE | |||
r-release-windows-x86_64 | 5.0.0 | 46.00 | 262.00 | 308.00 | OK | |
r-oldrel-macos-arm64 | 5.0.0 | 117.00 | NOTE | |||
r-oldrel-macos-x86_64 | 5.0.0 | 153.00 | NOTE | |||
r-oldrel-windows-ix86+x86_64 | 5.0.0 | 21.00 | 256.00 | 277.00 | OK |
Version: 5.0.0
Check: dependencies in R code
Result: NOTE
Namespaces in Imports field not imported from:
‘DescTools’ ‘MASS’ ‘gridExtra’
All declared Imports should be used.
Flavors: r-devel-linux-x86_64-fedora-clang, r-devel-linux-x86_64-fedora-gcc, r-release-macos-arm64, r-release-macos-x86_64, r-oldrel-macos-arm64, r-oldrel-macos-x86_64