CRAN Package Check Results for Package rsdepth

Last updated on 2022-08-10 08:52:44 CEST.

Flavor Version Tinstall Tcheck Ttotal Status Flags
r-devel-linux-x86_64-debian-clang 0.1-22 6.09 25.27 31.36 OK
r-devel-linux-x86_64-debian-gcc 0.1-22 4.69 19.62 24.31 OK
r-devel-linux-x86_64-fedora-clang 0.1-22 54.26 NOTE
r-devel-linux-x86_64-fedora-gcc 0.1-22 48.59 NOTE
r-devel-windows-x86_64 0.1-22 19.00 64.00 83.00 OK
r-patched-linux-x86_64 0.1-22 5.96 24.88 30.84 OK
r-release-linux-x86_64 0.1-22 OK
r-release-macos-arm64 0.1-22 16.00 OK
r-release-macos-x86_64 0.1-22 24.00 OK
r-release-windows-x86_64 0.1-22 22.00 53.00 75.00 OK
r-oldrel-macos-arm64 0.1-22 19.00 OK
r-oldrel-macos-x86_64 0.1-22 25.00 OK
r-oldrel-windows-ix86+x86_64 0.1-22 13.00 42.00 55.00 OK

Check Details

Version: 0.1-22
Check: compiled code
Result: NOTE
    File ‘rsdepth/libs/rsdepth.so’:
     Found no calls to: ‘R_registerRoutines’, ‘R_useDynamicSymbols’
    
    It is good practice to register native routines and to disable symbol
    search.
    
    See ‘Writing portable packages’ in the ‘Writing R Extensions’ manual.
Flavors: r-devel-linux-x86_64-fedora-clang, r-devel-linux-x86_64-fedora-gcc