Last updated on 2023-03-28 08:55:01 CEST.
Flavor | Version | Tinstall | Tcheck | Ttotal | Status | Flags |
---|---|---|---|---|---|---|
r-devel-linux-x86_64-debian-clang | 1.0 | 3.22 | 47.99 | 51.21 | NOTE | |
r-devel-linux-x86_64-debian-gcc | 1.0 | 2.47 | 36.92 | 39.39 | NOTE | |
r-devel-linux-x86_64-fedora-clang | 1.0 | 64.32 | NOTE | |||
r-devel-linux-x86_64-fedora-gcc | 1.0 | 72.83 | NOTE | |||
r-patched-linux-x86_64 | 1.0 | 3.05 | 46.94 | 49.99 | NOTE | |
r-release-linux-x86_64 | 1.0 | 2.20 | 48.00 | 50.20 | NOTE | |
r-release-macos-arm64 | 1.0 | 23.00 | NOTE | |||
r-release-macos-x86_64 | 1.0 | 35.00 | NOTE | |||
r-release-windows-x86_64 | 1.0 | 16.00 | 91.00 | 107.00 | NOTE | |
r-oldrel-macos-arm64 | 1.0 | 28.00 | NOTE | |||
r-oldrel-macos-x86_64 | 1.0 | 43.00 | NOTE | |||
r-oldrel-windows-ix86+x86_64 | 1.0 | 9.00 | 75.00 | 84.00 | NOTE |
Version: 1.0
Check: LazyData
Result: NOTE
'LazyData' is specified without a 'data' directory
Flavors: r-devel-linux-x86_64-debian-clang, r-devel-linux-x86_64-debian-gcc, r-devel-linux-x86_64-fedora-clang, r-devel-linux-x86_64-fedora-gcc, r-patched-linux-x86_64, r-release-linux-x86_64, r-release-macos-arm64, r-release-macos-x86_64, r-release-windows-x86_64, r-oldrel-macos-arm64, r-oldrel-macos-x86_64, r-oldrel-windows-ix86+x86_64
Version: 1.0
Check: dependencies in R code
Result: NOTE
Namespace in Imports field not imported from: ‘abind’
All declared Imports should be used.
Flavors: r-devel-linux-x86_64-fedora-clang, r-devel-linux-x86_64-fedora-gcc, r-release-macos-arm64, r-release-macos-x86_64, r-oldrel-macos-arm64, r-oldrel-macos-x86_64