Last updated on 2023-04-01 08:55:52 CEST.
Flavor | Version | Tinstall | Tcheck | Ttotal | Status | Flags |
---|---|---|---|---|---|---|
r-devel-linux-x86_64-debian-clang | 1.4.3 | 36.72 | 293.73 | 330.45 | NOTE | |
r-devel-linux-x86_64-debian-gcc | 1.4.3 | 26.65 | 214.47 | 241.12 | NOTE | |
r-devel-linux-x86_64-fedora-clang | 1.4.3 | 392.99 | NOTE | |||
r-devel-linux-x86_64-fedora-gcc | 1.4.3 | 380.88 | NOTE | |||
r-patched-linux-x86_64 | 1.4.3 | 29.05 | 277.08 | 306.13 | NOTE | |
r-release-linux-x86_64 | 1.4.3 | 34.76 | 268.76 | 303.52 | NOTE | |
r-release-macos-arm64 | 1.4.3 | 75.00 | NOTE | |||
r-release-macos-x86_64 | 1.4.3 | 107.00 | NOTE | |||
r-release-windows-x86_64 | 1.4.3 | 42.00 | 284.00 | 326.00 | NOTE | |
r-oldrel-macos-arm64 | 1.4.3 | 41.00 | NOTE | |||
r-oldrel-macos-x86_64 | 1.4.3 | 78.00 | NOTE | |||
r-oldrel-windows-ix86+x86_64 | 1.4.3 | 65.00 | 270.00 | 335.00 | NOTE |
Version: 1.4.3
Check: LazyData
Result: NOTE
'LazyData' is specified without a 'data' directory
Flavors: r-devel-linux-x86_64-debian-clang, r-devel-linux-x86_64-debian-gcc, r-devel-linux-x86_64-fedora-clang, r-devel-linux-x86_64-fedora-gcc, r-patched-linux-x86_64, r-release-linux-x86_64, r-release-macos-arm64, r-release-macos-x86_64, r-release-windows-x86_64, r-oldrel-macos-arm64, r-oldrel-macos-x86_64, r-oldrel-windows-ix86+x86_64