Last updated on 2025-01-18 19:49:18 CET.
Flavor | Version | Tinstall | Tcheck | Ttotal | Status | Flags |
---|---|---|---|---|---|---|
r-devel-linux-x86_64-debian-clang | 0.3.12 | 13.05 | 89.95 | 103.00 | NOTE | |
r-devel-linux-x86_64-debian-gcc | 0.3.12 | 8.77 | 61.35 | 70.12 | NOTE | |
r-devel-linux-x86_64-fedora-clang | 0.3.12 | 183.25 | OK | |||
r-devel-linux-x86_64-fedora-gcc | 0.3.12 | 158.59 | OK | |||
r-devel-windows-x86_64 | 0.3.12 | 15.00 | 116.00 | 131.00 | NOTE | |
r-patched-linux-x86_64 | 0.3.12 | 20.53 | 84.87 | 105.40 | OK | |
r-release-linux-x86_64 | 0.3.12 | 13.75 | 85.12 | 98.87 | OK | |
r-release-macos-arm64 | 0.3.12 | 48.00 | OK | |||
r-release-macos-x86_64 | 0.3.12 | 98.00 | OK | |||
r-release-windows-x86_64 | 0.3.12 | 15.00 | 107.00 | 122.00 | OK | |
r-oldrel-macos-arm64 | 0.3.12 | 48.00 | OK | |||
r-oldrel-macos-x86_64 | 0.3.12 | 73.00 | NOTE | |||
r-oldrel-windows-x86_64 | 0.3.12 | 19.00 | 128.00 | 147.00 | OK |
Version: 0.3.12
Check: Rd cross-references
Result: NOTE
Found the following Rd file(s) with Rd \link{} targets missing package
anchors:
fanova.Rd: leveneTest, lmer, Anova
formatPvalue.Rd: noZero, formatCI
formatR.Rd: noZero, formatCI
ggBoxplot.Rd: ggplot, geom_boxplot
ggqq.Rd: ggplot
oneway.Rd: leveneTest
Please provide package anchors for all Rd \link{} targets not in the
package itself and the base packages.
Flavors: r-devel-linux-x86_64-debian-clang, r-devel-linux-x86_64-debian-gcc, r-devel-windows-x86_64
Version: 0.3.12
Check: package dependencies
Result: NOTE
Package suggested but not available for checking: ‘MBESS’
Flavor: r-oldrel-macos-x86_64