CRAN Package Check Results for Package rnpn

Last updated on 2022-12-05 07:53:52 CET.

Flavor Version Tinstall Tcheck Ttotal Status Flags
r-devel-linux-x86_64-debian-clang 1.2.5 6.36 117.02 123.38 OK
r-devel-linux-x86_64-debian-gcc 1.2.5 4.17 90.80 94.97 OK
r-devel-linux-x86_64-fedora-clang 1.2.5 174.22 NOTE
r-devel-linux-x86_64-fedora-gcc 1.2.5 173.82 NOTE
r-devel-windows-x86_64 1.2.5 45.00 196.00 241.00 OK
r-patched-linux-x86_64 1.2.5 7.07 115.11 122.18 OK
r-release-linux-x86_64 1.2.5 5.02 96.28 101.30 OK
r-release-macos-arm64 1.2.5 81.00 NOTE
r-release-macos-x86_64 1.2.5 94.00 NOTE
r-release-windows-x86_64 1.2.5 70.00 184.00 254.00 OK
r-oldrel-macos-arm64 1.2.5 79.00 NOTE
r-oldrel-macos-x86_64 1.2.5 97.00 NOTE
r-oldrel-windows-ix86+x86_64 1.2.5 12.00 176.00 188.00 OK

Check Details

Version: 1.2.5
Check: dependencies in R code
Result: NOTE
    Namespace in Imports field not imported from: ‘rgdal’
     All declared Imports should be used.
Flavors: r-devel-linux-x86_64-fedora-clang, r-devel-linux-x86_64-fedora-gcc, r-release-macos-arm64, r-release-macos-x86_64, r-oldrel-macos-arm64, r-oldrel-macos-x86_64