CRAN Package Check Results for Package rnaturalearth

Last updated on 2022-12-04 07:55:19 CET.

Flavor Version Tinstall Tcheck Ttotal Status Flags
r-devel-linux-x86_64-debian-clang 0.1.0 4.29 92.50 96.79 NOTE
r-devel-linux-x86_64-debian-gcc 0.1.0 4.25 69.72 73.97 NOTE
r-devel-linux-x86_64-fedora-clang 0.1.0 132.72 NOTE
r-devel-linux-x86_64-fedora-gcc 0.1.0 128.73 NOTE
r-devel-windows-x86_64 0.1.0 34.00 119.00 153.00 NOTE
r-patched-linux-x86_64 0.1.0 5.40 85.57 90.97 NOTE
r-release-linux-x86_64 0.1.0 5.43 85.43 90.86 NOTE
r-release-macos-arm64 0.1.0 34.00 NOTE
r-release-macos-x86_64 0.1.0 51.00 NOTE
r-release-windows-x86_64 0.1.0 38.00 136.00 174.00 NOTE
r-oldrel-macos-arm64 0.1.0 42.00 NOTE
r-oldrel-macos-x86_64 0.1.0 61.00 NOTE
r-oldrel-windows-ix86+x86_64 0.1.0 16.00 111.00 127.00 NOTE

Check Details

Version: 0.1.0
Check: package dependencies
Result: NOTE
    Package suggested but not available for checking: 'rnaturalearthhires'
Flavors: r-devel-linux-x86_64-debian-clang, r-devel-linux-x86_64-debian-gcc, r-devel-linux-x86_64-fedora-clang, r-devel-linux-x86_64-fedora-gcc, r-devel-windows-x86_64, r-patched-linux-x86_64, r-release-linux-x86_64, r-release-macos-arm64, r-release-macos-x86_64, r-release-windows-x86_64, r-oldrel-macos-arm64, r-oldrel-macos-x86_64, r-oldrel-windows-ix86+x86_64

Version: 0.1.0
Check: data for non-ASCII characters
Result: NOTE
     Note: found 7 marked Latin-1 strings
Flavors: r-devel-linux-x86_64-fedora-clang, r-devel-linux-x86_64-fedora-gcc, r-release-macos-arm64, r-release-macos-x86_64, r-oldrel-macos-arm64, r-oldrel-macos-x86_64