CRAN Package Check Results for Package rmdcev

Last updated on 2022-12-03 07:56:45 CET.

Flavor Version Tinstall Tcheck Ttotal Status Flags
r-devel-linux-x86_64-debian-clang 1.2.4 382.52 236.55 619.07 NOTE
r-devel-linux-x86_64-debian-gcc 1.2.4 334.22 189.49 523.71 NOTE
r-devel-linux-x86_64-fedora-clang 1.2.4 766.11 NOTE
r-devel-linux-x86_64-fedora-gcc 1.2.4 859.23 NOTE
r-devel-windows-x86_64 1.2.4 248.00 298.00 546.00 NOTE
r-patched-linux-x86_64 1.2.4 270.61 247.94 518.55 NOTE
r-release-linux-x86_64 1.2.4 248.98 249.74 498.72 NOTE
r-release-macos-arm64 1.2.4 195.00 NOTE
r-release-macos-x86_64 1.2.4 339.00 NOTE
r-release-windows-x86_64 1.2.4 253.00 324.00 577.00 NOTE
r-oldrel-macos-arm64 1.2.4 185.00 NOTE
r-oldrel-macos-x86_64 1.2.4 250.00 NOTE
r-oldrel-windows-ix86+x86_64 1.2.4 291.00 17.00 308.00 ERROR

Check Details

Version: 1.2.4
Check: for GNU extensions in Makefiles
Result: NOTE
    GNU make is a SystemRequirements.
Flavors: r-devel-linux-x86_64-debian-clang, r-devel-linux-x86_64-debian-gcc, r-devel-linux-x86_64-fedora-clang, r-devel-linux-x86_64-fedora-gcc, r-devel-windows-x86_64, r-patched-linux-x86_64, r-release-linux-x86_64, r-release-macos-arm64, r-release-macos-x86_64, r-release-windows-x86_64, r-oldrel-macos-arm64, r-oldrel-macos-x86_64

Version: 1.2.4
Check: installed package size
Result: NOTE
     installed size is 5.0Mb
     sub-directories of 1Mb or more:
     libs 4.3Mb
Flavors: r-devel-linux-x86_64-fedora-clang, r-release-macos-arm64, r-release-macos-x86_64, r-oldrel-macos-arm64, r-oldrel-macos-x86_64

Version: 1.2.4
Check: dependencies in R code
Result: NOTE
    Namespace in Imports field not imported from: ‘RcppParallel’
     All declared Imports should be used.
Flavors: r-devel-linux-x86_64-fedora-clang, r-devel-linux-x86_64-fedora-gcc, r-release-macos-arm64, r-release-macos-x86_64, r-oldrel-macos-arm64, r-oldrel-macos-x86_64

Version: 1.2.4
Check: whether package can be installed
Result: ERROR
    Installation failed.
Flavor: r-oldrel-windows-ix86+x86_64