Last updated on 2023-09-24 08:58:28 CEST.
Flavor | Version | Tinstall | Tcheck | Ttotal | Status | Flags |
---|---|---|---|---|---|---|
r-devel-linux-x86_64-debian-clang | 0.5.0 | 5.42 | 106.84 | 112.26 | OK | |
r-devel-linux-x86_64-debian-gcc | 0.5.0 | 4.45 | 79.15 | 83.60 | OK | |
r-devel-linux-x86_64-fedora-clang | 0.5.0 | 135.59 | NOTE | |||
r-devel-linux-x86_64-fedora-gcc | 0.5.0 | 119.68 | NOTE | |||
r-devel-windows-x86_64 | 0.5.0 | 6.00 | 91.00 | 97.00 | OK | |
r-patched-linux-x86_64 | 0.5.0 | 3.74 | 103.53 | 107.27 | OK | |
r-release-linux-x86_64 | 0.5.0 | 3.15 | 103.69 | 106.84 | OK | |
r-release-macos-arm64 | 0.5.0 | 40.00 | OK | |||
r-release-macos-x86_64 | 0.5.0 | 99.00 | OK | |||
r-release-windows-x86_64 | 0.5.0 | 7.00 | 139.00 | 146.00 | OK | |
r-oldrel-macos-arm64 | 0.5.0 | 37.00 | OK | |||
r-oldrel-macos-x86_64 | 0.5.0 | 56.00 | OK | |||
r-oldrel-windows-x86_64 | 0.5.0 | 8.00 | 108.00 | 116.00 | OK |
Version: 0.5.0
Check: data for non-ASCII characters
Result: NOTE
Note: found 31 marked UTF-8 strings
Flavors: r-devel-linux-x86_64-fedora-clang, r-devel-linux-x86_64-fedora-gcc