Last updated on 2023-12-01 07:50:17 CET.
Flavor | Version | Tinstall | Tcheck | Ttotal | Status | Flags |
---|---|---|---|---|---|---|
r-devel-linux-x86_64-debian-clang | 1.0.1 | 151.71 | 298.72 | 450.43 | OK | |
r-devel-linux-x86_64-debian-gcc | 1.0.1 | 102.62 | 230.07 | 332.69 | OK | |
r-devel-linux-x86_64-fedora-clang | 1.0.1 | 608.86 | OK | |||
r-devel-linux-x86_64-fedora-gcc | 1.0.1 | 639.51 | OK | |||
r-devel-windows-x86_64 | 1.0.1 | 113.00 | 257.00 | 370.00 | OK | |
r-patched-linux-x86_64 | 1.0.1 | 92.67 | 291.19 | 383.86 | OK | |
r-release-linux-x86_64 | 1.0.1 | 88.49 | 286.09 | 374.58 | OK | |
r-release-macos-arm64 | 1.0.1 | 148.00 | NOTE | |||
r-release-macos-x86_64 | 1.0.1 | 276.00 | NOTE | |||
r-release-windows-x86_64 | 1.0.1 | 156.00 | 348.00 | 504.00 | OK | |
r-oldrel-macos-arm64 | 1.0.1 | 171.00 | NOTE | |||
r-oldrel-macos-x86_64 | 1.0.0 | 206.00 | NOTE | |||
r-oldrel-windows-x86_64 | 1.0.1 | 146.00 | 322.00 | 468.00 | OK |
Version: 1.0.1
Check: package dependencies
Result: NOTE
Package suggested but not available for checking: ‘reactome.db’
Flavors: r-release-macos-arm64, r-release-macos-x86_64
Version: 1.0.1
Check: installed package size
Result: NOTE
installed size is 7.3Mb
sub-directories of 1Mb or more:
libs 6.4Mb
Flavors: r-release-macos-arm64, r-release-macos-x86_64, r-oldrel-macos-arm64
Version: 1.0.0
Check: installed package size
Result: NOTE
installed size is 7.4Mb
sub-directories of 1Mb or more:
libs 6.8Mb
Flavor: r-oldrel-macos-x86_64