CRAN Package Check Results for Package rliger

Last updated on 2022-12-04 07:55:19 CET.

Flavor Version Tinstall Tcheck Ttotal Status Flags
r-devel-linux-x86_64-debian-clang 1.0.0 145.98 252.29 398.27 OK
r-devel-linux-x86_64-debian-gcc 1.0.0 104.10 190.65 294.75 OK
r-devel-linux-x86_64-fedora-clang 1.0.0 547.94 OK
r-devel-linux-x86_64-fedora-gcc 1.0.0 508.23 OK
r-devel-windows-x86_64 1.0.0 137.00 306.00 443.00 OK
r-patched-linux-x86_64 1.0.0 99.35 236.57 335.92 OK
r-release-linux-x86_64 1.0.0 90.00 230.90 320.90 OK
r-release-macos-arm64 1.0.0 115.00 NOTE
r-release-macos-x86_64 1.0.0 206.00 NOTE
r-release-windows-x86_64 1.0.0 142.00 312.00 454.00 OK
r-oldrel-macos-arm64 1.0.0 144.00 NOTE
r-oldrel-macos-x86_64 1.0.0 162.00 NOTE
r-oldrel-windows-ix86+x86_64 1.0.0 339.00 397.00 736.00 OK

Check Details

Version: 1.0.0
Check: package dependencies
Result: NOTE
    Packages suggested but not available for checking:
     'GenomicRanges', 'S4Vectors', 'IRanges', 'org.Hs.eg.db',
     'reactome.db', 'fgsea', 'AnnotationDbi'
Flavor: r-release-macos-arm64

Version: 1.0.0
Check: installed package size
Result: NOTE
     installed size is 7.3Mb
     sub-directories of 1Mb or more:
     libs 6.6Mb
Flavors: r-release-macos-arm64, r-release-macos-x86_64, r-oldrel-macos-arm64, r-oldrel-macos-x86_64

Version: 1.0.0
Check: package dependencies
Result: NOTE
    Packages suggested but not available for checking:
     'GenomicRanges', 'org.Hs.eg.db', 'reactome.db', 'fgsea'
Flavor: r-oldrel-macos-arm64

Version: 1.0.0
Check: package dependencies
Result: NOTE
    Packages suggested but not available for checking:
     'org.Hs.eg.db', 'reactome.db', 'fgsea'
Flavor: r-oldrel-macos-x86_64