Last updated on 2023-09-23 08:11:06 CEST.
Flavor | Version | Tinstall | Tcheck | Ttotal | Status | Flags |
---|---|---|---|---|---|---|
r-devel-linux-x86_64-debian-clang | 0.3.28 | 7.59 | 74.44 | 82.03 | NOTE | |
r-devel-linux-x86_64-debian-gcc | 0.3.28 | 5.92 | 55.52 | 61.44 | NOTE | |
r-devel-linux-x86_64-fedora-clang | 0.3.28 | 102.26 | NOTE | |||
r-devel-linux-x86_64-fedora-gcc | 0.3.28 | 108.88 | NOTE | |||
r-devel-windows-x86_64 | 0.3.28 | 9.00 | 77.00 | 86.00 | NOTE | |
r-patched-linux-x86_64 | 0.3.28 | 4.91 | 72.15 | 77.06 | OK | |
r-release-linux-x86_64 | 0.3.28 | 4.83 | 71.48 | 76.31 | OK | |
r-release-macos-arm64 | 0.3.28 | 41.00 | OK | |||
r-release-macos-x86_64 | 0.3.28 | 84.00 | OK | |||
r-release-windows-x86_64 | 0.3.28 | 10.00 | 87.00 | 97.00 | OK | |
r-oldrel-macos-arm64 | 0.3.28 | 31.00 | OK | |||
r-oldrel-macos-x86_64 | 0.3.28 | 46.00 | OK | |||
r-oldrel-windows-x86_64 | 0.3.28 | 10.00 | 90.00 | 100.00 | OK |
Version: 0.3.28
Check: Rd \usage sections
Result: NOTE
Documented arguments not in \usage in documentation object 'inner_t_index_calculation':
‘param_’
Functions with \usage entries need to have the appropriate \alias
entries, and all their arguments documented.
The \usage entries must correspond to syntactically valid R code.
See chapter ‘Writing R documentation files’ in the ‘Writing R
Extensions’ manual.
Flavors: r-devel-linux-x86_64-debian-clang, r-devel-linux-x86_64-debian-gcc, r-devel-linux-x86_64-fedora-clang, r-devel-linux-x86_64-fedora-gcc, r-devel-windows-x86_64