Last updated on 2023-02-01 19:54:19 CET.
Flavor | Version | Tinstall | Tcheck | Ttotal | Status | Flags |
---|---|---|---|---|---|---|
r-devel-linux-x86_64-debian-clang | 1.0.1 | 119.36 | 256.36 | 375.72 | NOTE | |
r-devel-linux-x86_64-debian-gcc | 1.0.1 | 93.09 | 181.65 | 274.74 | NOTE | |
r-devel-linux-x86_64-fedora-clang | 1.0.1 | 542.44 | NOTE | |||
r-devel-linux-x86_64-fedora-gcc | 1.0.1 | 491.26 | NOTE | |||
r-devel-windows-x86_64 | 1.0.1 | 296.00 | 328.00 | 624.00 | NOTE | |
r-patched-linux-x86_64 | 1.0.1 | 110.17 | 234.59 | 344.76 | OK | |
r-release-linux-x86_64 | 1.0.1 | 100.38 | 218.53 | 318.91 | OK | |
r-release-macos-arm64 | 1.0.1 | 108.00 | NOTE | |||
r-release-macos-x86_64 | 1.0.1 | 136.00 | NOTE | --no-build-vignettes | ||
r-release-windows-x86_64 | 1.0.1 | 287.00 | 330.00 | 617.00 | NOTE | |
r-oldrel-macos-arm64 | 1.0.1 | 111.00 | NOTE | |||
r-oldrel-macos-x86_64 | 1.0.1 | 139.00 | NOTE | --no-build-vignettes | ||
r-oldrel-windows-ix86+x86_64 | 1.0.1 | 388.00 | 331.00 | 719.00 | NOTE |
Version: 1.0.1
Check: C++ specification
Result: NOTE
Specified C++11: please update to current default of C++17
Flavors: r-devel-linux-x86_64-debian-clang, r-devel-linux-x86_64-debian-gcc, r-devel-linux-x86_64-fedora-clang, r-devel-linux-x86_64-fedora-gcc, r-devel-windows-x86_64
Version: 1.0.1
Check: installed package size
Result: NOTE
installed size is 6.2Mb
sub-directories of 1Mb or more:
doc 1.1Mb
fonts 1.5Mb
Flavors: r-devel-linux-x86_64-fedora-clang, r-devel-windows-x86_64, r-release-macos-arm64, r-release-windows-x86_64, r-oldrel-macos-arm64, r-oldrel-windows-ix86+x86_64
Version: 1.0.1
Flags: --no-build-vignettes
Check: installed package size
Result: NOTE
installed size is 25.4Mb
sub-directories of 1Mb or more:
doc 1.1Mb
fonts 1.5Mb
libs 19.6Mb
Flavors: r-release-macos-x86_64, r-oldrel-macos-x86_64