Last updated on 2023-04-01 08:55:51 CEST.
Flavor | Version | Tinstall | Tcheck | Ttotal | Status | Flags |
---|---|---|---|---|---|---|
r-devel-linux-x86_64-debian-clang | 0.4.1 | 14.82 | 100.02 | 114.84 | NOTE | |
r-devel-linux-x86_64-debian-gcc | 0.4.1 | 9.53 | 73.27 | 82.80 | NOTE | |
r-devel-linux-x86_64-fedora-clang | 0.4.1 | 146.26 | NOTE | |||
r-devel-linux-x86_64-fedora-gcc | 0.4.1 | 138.70 | NOTE | |||
r-patched-linux-x86_64 | 0.4.1 | 9.11 | 93.06 | 102.17 | NOTE | |
r-release-linux-x86_64 | 0.4.1 | 9.20 | 96.14 | 105.34 | NOTE | |
r-release-macos-arm64 | 0.4.1 | 38.00 | NOTE | |||
r-release-macos-x86_64 | 0.4.1 | 66.00 | NOTE | |||
r-release-windows-x86_64 | 0.4.1 | 30.00 | 141.00 | 171.00 | NOTE | |
r-oldrel-macos-arm64 | 0.4.1 | 47.00 | NOTE | |||
r-oldrel-macos-x86_64 | 0.4.1 | 75.00 | NOTE | |||
r-oldrel-windows-ix86+x86_64 | 0.4.1 | 31.00 | 120.00 | 151.00 | NOTE |
Version: 0.4.1
Check: LazyData
Result: NOTE
'LazyData' is specified without a 'data' directory
Flavors: r-devel-linux-x86_64-debian-clang, r-devel-linux-x86_64-debian-gcc, r-devel-linux-x86_64-fedora-clang, r-devel-linux-x86_64-fedora-gcc, r-patched-linux-x86_64, r-release-linux-x86_64, r-release-macos-arm64, r-release-macos-x86_64, r-release-windows-x86_64, r-oldrel-macos-arm64, r-oldrel-macos-x86_64, r-oldrel-windows-ix86+x86_64