CRAN Package Check Results for Package restoptr

Last updated on 2022-11-30 06:53:38 CET.

Flavor Version Tinstall Tcheck Ttotal Status Flags
r-devel-linux-x86_64-debian-clang 1.0.3 28.00 413.08 441.08 OK
r-devel-linux-x86_64-debian-gcc 1.0.3 25.02 310.28 335.30 OK
r-devel-linux-x86_64-fedora-clang 1.0.3 576.08 NOTE
r-devel-linux-x86_64-fedora-gcc 1.0.3 541.12 OK
r-devel-windows-x86_64 1.0.3 69.00 500.00 569.00 NOTE
r-patched-linux-x86_64 1.0.3 25.68 409.57 435.25 OK
r-release-linux-x86_64 1.0.3 27.19 417.67 444.86 OK
r-release-macos-arm64 1.0.3 133.00 NOTE
r-release-macos-x86_64 1.0.3 188.00 NOTE
r-release-windows-x86_64 1.0.3 54.00 450.00 504.00 NOTE
r-oldrel-macos-arm64 1.0.3 135.00 NOTE
r-oldrel-macos-x86_64 1.0.3 191.00 NOTE
r-oldrel-windows-ix86+x86_64 1.0.3 58.00 438.00 496.00 ERROR

Additional issues

ATLAS

Check Details

Version: 1.0.3
Check: installed package size
Result: NOTE
     installed size is 5.1Mb
     sub-directories of 1Mb or more:
     extdata 1.3Mb
     java 2.9Mb
Flavors: r-devel-linux-x86_64-fedora-clang, r-devel-windows-x86_64, r-release-macos-arm64, r-release-macos-x86_64, r-release-windows-x86_64, r-oldrel-macos-arm64, r-oldrel-macos-x86_64, r-oldrel-windows-ix86+x86_64

Version: 1.0.3
Check: PDF version of manual
Result: WARN
    LaTeX errors when creating PDF version.
    This typically indicates Rd problems.
    LaTeX errors found:
    ! Package inputenc Error: Unicode char â<c2><80><c2><91> (U+2011)
    (inputenc) not set up for use with LaTeX.
    
    See the inputenc package documentation for explanation.
    Type H <return> for immediate help.
    ! Package inputenc Error: Unicode char â<c2><80><c2><91> (U+2011)
    (inputenc) not set up for use with LaTeX.
    
    See the inputenc package documentation for explanation.
    Type H <return> for immediate help.
    ! Package inputenc Error: Unicode char â<c2><80><c2><91> (U+2011)
    (inputenc) not set up for use with LaTeX.
    
    See the inputenc package documentation for explanation.
    Type H <return> for immediate help.
    ! Package inputenc Error: Unicode char â<c2><80><c2><91> (U+2011)
    (inputenc) not set up for use with LaTeX.
    
    See the inputenc package documentation for explanation.
    Type H <return> for immediate help.
    ! Package inputenc Error: Unicode char â<c2><80><c2><91> (U+2011)
    (inputenc) not set up for use with LaTeX.
    
    See the inputenc package documentation for explanation.
    Type H <return> for immediate help.
    ! Package inputenc Error: Unicode char â<c2><80><c2><91> (U+2011)
    (inputenc) not set up for use with LaTeX.
    
    See the inputenc package documentation for explanation.
    Type H <return> for immediate help.
    ! Package inputenc Error: Unicode char â<c2><80><c2><91> (U+2011)
    (inputenc) not set up for use with LaTeX.
    
    See the inputenc package documentation for explanation.
    Type H <return> for immediate help.
Flavor: r-oldrel-windows-ix86+x86_64

Version: 1.0.3
Check: PDF version of manual without hyperrefs or index
Result: ERROR
Flavor: r-oldrel-windows-ix86+x86_64