Last updated on 2022-08-19 08:53:53 CEST.
Flavor | Version | Tinstall | Tcheck | Ttotal | Status | Flags |
---|---|---|---|---|---|---|
r-devel-linux-x86_64-debian-clang | 0.1.3 | 47.48 | 268.11 | 315.59 | WARN | |
r-devel-linux-x86_64-debian-gcc | 0.1.3 | 38.71 | 191.88 | 230.59 | OK | |
r-devel-linux-x86_64-fedora-clang | 0.1.3 | 390.11 | WARN | |||
r-devel-linux-x86_64-fedora-gcc | 0.1.3 | 382.90 | OK | |||
r-devel-windows-x86_64 | 0.1.3 | 57.00 | 296.00 | 353.00 | OK | |
r-patched-linux-x86_64 | 0.1.3 | 41.78 | 251.90 | 293.68 | OK | |
r-release-linux-x86_64 | 0.1.3 | OK | ||||
r-release-macos-arm64 | 0.1.3 | 121.00 | OK | |||
r-release-macos-x86_64 | 0.1.3 | 178.00 | OK | |||
r-release-windows-x86_64 | 0.1.3 | 54.00 | 299.00 | 353.00 | OK | |
r-oldrel-macos-arm64 | 0.1.3 | 103.00 | OK | |||
r-oldrel-macos-x86_64 | 0.1.3 | 130.00 | OK | |||
r-oldrel-windows-ix86+x86_64 | 0.1.3 | 116.00 | 339.00 | 455.00 | OK |
Version: 0.1.3
Check: whether package can be installed
Result: WARN
Found the following significant warnings:
within_category_compare.cpp:52:21: warning: use of bitwise '|' with boolean operands [-Wbitwise-instead-of-logical]
Flavors: r-devel-linux-x86_64-debian-clang, r-devel-linux-x86_64-fedora-clang