CRAN Package Check Results for Package reportr

Last updated on 2022-12-07 19:53:10 CET.

Flavor Version Tinstall Tcheck Ttotal Status Flags
r-devel-linux-x86_64-debian-clang 1.3.0 2.36 1212.60 1214.96 ERROR
r-devel-linux-x86_64-debian-gcc 1.3.0 1.62 20.21 21.83 OK
r-devel-linux-x86_64-fedora-clang 1.3.0 44.93 OK
r-devel-linux-x86_64-fedora-gcc 1.3.0 55.08 OK
r-devel-windows-x86_64 1.3.0 13.00 58.00 71.00 OK
r-patched-linux-x86_64 1.3.0 2.73 24.66 27.39 OK
r-release-linux-x86_64 1.3.0 2.12 24.32 26.44 OK
r-release-macos-arm64 1.3.0 20.00 OK
r-release-macos-x86_64 1.3.0 29.00 OK
r-release-windows-x86_64 1.3.0 13.00 57.00 70.00 OK
r-oldrel-macos-arm64 1.3.0 25.00 OK
r-oldrel-macos-x86_64 1.3.0 62.00 OK
r-oldrel-windows-ix86+x86_64 1.3.0 5.00 49.00 54.00 OK

Check Details

Version: 1.3.0
Check: tests
Result: ERROR
     Running 'testthat.R' [20m/23m]
    Running the tests in 'tests/testthat.R' failed.
    Complete output:
     > library(testthat)
     > library(reportr)
     >
     > test_check("reportr")
     Killed
Flavor: r-devel-linux-x86_64-debian-clang