CRAN Package Check Results for Package renv

Last updated on 2022-11-16 08:03:02 CET.

Flavor Version Tinstall Tcheck Ttotal Status Flags
r-devel-linux-x86_64-debian-clang 0.16.0 OK
r-devel-linux-x86_64-debian-gcc 0.16.0 13.67 206.81 220.48 OK
r-devel-linux-x86_64-fedora-clang 0.16.0 385.20 OK
r-devel-linux-x86_64-fedora-gcc 0.16.0 362.96 OK
r-devel-windows-x86_64 0.16.0 205.00 175.00 380.00 OK
r-patched-linux-x86_64 0.16.0 17.93 229.35 247.28 OK
r-release-linux-x86_64 0.16.0 17.55 232.19 249.74 OK
r-release-macos-arm64 0.16.0 61.00 OK
r-release-macos-x86_64 0.16.0 93.00 OK
r-release-windows-x86_64 0.16.0 200.00 171.00 371.00 OK
r-oldrel-macos-arm64 0.16.0 64.00 OK
r-oldrel-macos-x86_64 0.16.0 106.00 OK
r-oldrel-windows-ix86+x86_64 0.16.0 34.00 156.00 190.00 WARN

Check Details

Version: 0.16.0
Check: for unstated dependencies in ‘tests’
Result: WARN
    Warning: unable to access index for repository https://bioconductor.org/packages/3.14/bioc/src/contrib:
     cannot open URL 'https://bioconductor.org/packages/3.14/bioc/src/contrib/PACKAGES'
    Warning: unable to access index for repository https://bioconductor.org/packages/3.14/data/annotation/src/contrib:
     cannot open URL 'https://bioconductor.org/packages/3.14/data/annotation/src/contrib/PACKAGES'
    Warning: unable to access index for repository https://bioconductor.org/packages/3.14/data/experiment/src/contrib:
     cannot open URL 'https://bioconductor.org/packages/3.14/data/experiment/src/contrib/PACKAGES'
Flavor: r-oldrel-windows-ix86+x86_64