CRAN Package Check Results for Package remoter

Last updated on 2022-09-27 08:53:26 CEST.

Flavor Version Tinstall Tcheck Ttotal Status Flags
r-devel-linux-x86_64-debian-clang 0.4-0 4.52 41.55 46.07 NOTE
r-devel-linux-x86_64-debian-gcc 0.4-0 3.07 33.35 36.42 NOTE
r-devel-linux-x86_64-fedora-clang 0.4-0 74.98 NOTE
r-devel-linux-x86_64-fedora-gcc 0.4-0 69.55 NOTE
r-devel-windows-x86_64 0.4-0 27.00 112.00 139.00 OK
r-patched-linux-x86_64 0.4-0 4.18 40.22 44.40 NOTE
r-release-linux-x86_64 0.4-0 4.03 40.34 44.37 NOTE
r-release-macos-arm64 0.4-0 25.00 OK
r-release-macos-x86_64 0.4-0 37.00 NOTE
r-release-windows-x86_64 0.4-0 18.00 108.00 126.00 OK
r-oldrel-macos-arm64 0.4-0 31.00 OK
r-oldrel-macos-x86_64 0.4-0 54.00 OK
r-oldrel-windows-ix86+x86_64 0.4-0 8.00 95.00 103.00 OK

Check Details

Version: 0.4-0
Check: package dependencies
Result: NOTE
    Package suggested but not available for checking: 'pbdRPC'
Flavors: r-devel-linux-x86_64-debian-clang, r-devel-linux-x86_64-debian-gcc, r-devel-linux-x86_64-fedora-clang, r-devel-linux-x86_64-fedora-gcc, r-patched-linux-x86_64, r-release-linux-x86_64, r-release-macos-x86_64