CRAN Package Check Results for Package reinsureR

Last updated on 2023-03-25 19:54:13 CET.

Flavor Version Tinstall Tcheck Ttotal Status Flags
r-devel-linux-x86_64-debian-clang 0.1.0 10.73 59.68 70.41 NOTE
r-devel-linux-x86_64-debian-gcc 0.1.0 8.60 43.76 52.36 NOTE
r-devel-linux-x86_64-fedora-clang 0.1.0 88.21 NOTE
r-devel-linux-x86_64-fedora-gcc 0.1.0 80.57 NOTE
r-patched-linux-x86_64 0.1.0 6.29 57.07 63.36 NOTE
r-release-linux-x86_64 0.1.0 6.63 56.59 63.22 NOTE
r-release-macos-arm64 0.1.0 30.00 NOTE
r-release-macos-x86_64 0.1.0 48.00 NOTE
r-release-windows-x86_64 0.1.0 29.00 90.00 119.00 NOTE
r-oldrel-macos-arm64 0.1.0 28.00 NOTE
r-oldrel-macos-x86_64 0.1.0 39.00 NOTE
r-oldrel-windows-ix86+x86_64 0.1.0 23.00 83.00 106.00 NOTE

Check Details

Version: 0.1.0
Check: LazyData
Result: NOTE
     'LazyData' is specified without a 'data' directory
Flavors: r-devel-linux-x86_64-debian-clang, r-devel-linux-x86_64-debian-gcc, r-devel-linux-x86_64-fedora-clang, r-devel-linux-x86_64-fedora-gcc, r-patched-linux-x86_64, r-release-linux-x86_64, r-release-macos-arm64, r-release-macos-x86_64, r-release-windows-x86_64, r-oldrel-macos-arm64, r-oldrel-macos-x86_64, r-oldrel-windows-ix86+x86_64