CRAN Package Check Results for Package redlistr

Last updated on 2023-04-01 08:55:51 CEST.

Flavor Version Tinstall Tcheck Ttotal Status Flags
r-devel-linux-x86_64-debian-clang 1.0.3 32.45 536.27 568.72 NOTE
r-devel-linux-x86_64-debian-gcc 1.0.3 26.74 403.01 429.75 NOTE
r-devel-linux-x86_64-fedora-clang 1.0.3 527.02 NOTE
r-devel-linux-x86_64-fedora-gcc 1.0.3 491.34 NOTE
r-patched-linux-x86_64 1.0.3 23.22 380.07 403.29 NOTE
r-release-linux-x86_64 1.0.3 26.37 359.67 386.04 NOTE
r-release-macos-arm64 1.0.3 186.00 NOTE
r-release-macos-x86_64 1.0.3 249.00 NOTE
r-release-windows-x86_64 1.0.3 47.00 528.00 575.00 NOTE
r-oldrel-macos-arm64 1.0.3 115.00 NOTE
r-oldrel-macos-x86_64 1.0.3 237.00 NOTE
r-oldrel-windows-ix86+x86_64 1.0.3 61.00 566.00 627.00 NOTE

Check Details

Version: 1.0.3
Check: LazyData
Result: NOTE
     'LazyData' is specified without a 'data' directory
Flavors: r-devel-linux-x86_64-debian-clang, r-devel-linux-x86_64-debian-gcc, r-devel-linux-x86_64-fedora-clang, r-devel-linux-x86_64-fedora-gcc, r-patched-linux-x86_64, r-release-linux-x86_64, r-release-macos-arm64, r-release-macos-x86_64, r-release-windows-x86_64, r-oldrel-macos-arm64, r-oldrel-macos-x86_64, r-oldrel-windows-ix86+x86_64