CRAN Package Check Results for Package readtext

Last updated on 2022-11-30 06:53:38 CET.

Flavor Version Tinstall Tcheck Ttotal Status Flags
r-devel-linux-x86_64-debian-clang 0.81 7.23 77.05 84.28 OK
r-devel-linux-x86_64-debian-gcc 0.81 5.10 57.94 63.04 OK
r-devel-linux-x86_64-fedora-clang 0.81 113.82 NOTE
r-devel-linux-x86_64-fedora-gcc 0.81 108.36 NOTE
r-devel-windows-x86_64 0.81 52.00 137.00 189.00 OK
r-patched-linux-x86_64 0.81 11.84 70.05 81.89 OK
r-release-linux-x86_64 0.81 7.01 70.87 77.88 OK
r-release-macos-arm64 0.81 30.00 NOTE
r-release-macos-x86_64 0.81 50.00 NOTE
r-release-windows-x86_64 0.81 25.00 124.00 149.00 OK
r-oldrel-macos-arm64 0.81 37.00 NOTE
r-oldrel-macos-x86_64 0.81 42.00 NOTE
r-oldrel-windows-ix86+x86_64 0.81 14.00 94.00 108.00 OK

Check Details

Version: 0.81
Check: data for non-ASCII characters
Result: NOTE
     Note: found 1 marked Latin-1 string
     Note: found 1 marked UTF-8 string
     Note: found 7 strings marked as "bytes"
Flavors: r-devel-linux-x86_64-fedora-clang, r-devel-linux-x86_64-fedora-gcc, r-release-macos-arm64, r-release-macos-x86_64, r-oldrel-macos-arm64, r-oldrel-macos-x86_64