CRAN Package Check Results for Package readMzXmlData

Last updated on 2024-02-21 19:53:25 CET.

Flavor Version Tinstall Tcheck Ttotal Status Flags
r-devel-linux-x86_64-debian-clang 2.8.3 NOTE
r-devel-linux-x86_64-debian-gcc 2.8.3 2.73 26.21 28.94 NOTE
r-devel-linux-x86_64-fedora-clang 2.8.3 46.32 NOTE
r-devel-linux-x86_64-fedora-gcc 2.8.3 47.43 OK
r-devel-windows-x86_64 2.8.3 4.00 47.00 51.00 OK
r-patched-linux-x86_64 2.8.3 3.62 33.35 36.97 OK
r-release-linux-x86_64 2.8.3 2.94 33.26 36.20 OK
r-release-macos-arm64 2.8.3 21.00 OK
r-release-macos-x86_64 2.8.3 45.00 OK
r-release-windows-x86_64 2.8.3 4.00 46.00 50.00 OK
r-oldrel-macos-arm64 2.8.3 22.00 OK
r-oldrel-windows-x86_64 2.8.3 5.00 54.00 59.00 OK

Check Details

Version: 2.8.3
Check: Rd files
Result: NOTE checkRd: (-1) readMzXmlDir.Rd:39: Lost braces in \itemize; \value handles \item{}{} directly checkRd: (-1) readMzXmlDir.Rd:40: Lost braces in \itemize; \value handles \item{}{} directly checkRd: (-1) readMzXmlDir.Rd:41: Lost braces in \itemize; \value handles \item{}{} directly checkRd: (-1) readMzXmlFile.Rd:21: Lost braces in \itemize; \value handles \item{}{} directly checkRd: (-1) readMzXmlFile.Rd:22: Lost braces in \itemize; \value handles \item{}{} directly checkRd: (-1) readMzXmlFile.Rd:23: Lost braces in \itemize; \value handles \item{}{} directly Flavors: r-devel-linux-x86_64-debian-clang, r-devel-linux-x86_64-debian-gcc

Version: 2.8.3
Check: Rd cross-references
Result: NOTE Undeclared package ‘MALDIquantForeign’ in Rd xrefs Flavor: r-devel-linux-x86_64-fedora-clang