CRAN Package Check Results for Package rcdklibs

Last updated on 2023-01-28 08:00:44 CET.

Flavor Version Tinstall Tcheck Ttotal Status Flags
r-devel-linux-x86_64-debian-clang 2.8 5.25 38.47 43.72 OK
r-devel-linux-x86_64-debian-gcc 2.8 5.13 30.23 35.36 OK
r-devel-linux-x86_64-fedora-clang 2.8 53.97 NOTE
r-devel-linux-x86_64-fedora-gcc 2.8 55.40 OK
r-patched-linux-x86_64 2.8 6.38 39.01 45.39 OK
r-release-linux-x86_64 2.8 5.84 39.56 45.40 OK
r-release-macos-arm64 2.8 22.00 NOTE
r-release-macos-x86_64 2.8 30.00 NOTE
r-release-windows-x86_64 2.8 45.00 69.00 114.00 NOTE
r-oldrel-macos-arm64 2.8 25.00 NOTE
r-oldrel-macos-x86_64 2.8 36.00 NOTE
r-oldrel-windows-ix86+x86_64 2.8 13.00 65.00 78.00 NOTE

Check Details

Version: 2.8
Check: installed package size
Result: NOTE
     installed size is 24.3Mb
     sub-directories of 1Mb or more:
     cont 24.2Mb
Flavors: r-devel-linux-x86_64-fedora-clang, r-release-macos-arm64, r-release-macos-x86_64, r-release-windows-x86_64, r-oldrel-macos-arm64, r-oldrel-macos-x86_64, r-oldrel-windows-ix86+x86_64