CRAN Package Check Results for Package raveio

Last updated on 2022-10-05 20:55:09 CEST.

Flavor Version Tinstall Tcheck Ttotal Status Flags
r-devel-linux-x86_64-debian-clang 0.0.8 0.48 2.99 3.47 ERROR
r-devel-linux-x86_64-debian-gcc 0.0.8 23.86 89.64 113.50 OK
r-devel-linux-x86_64-fedora-clang 0.0.8 210.76 OK
r-devel-linux-x86_64-fedora-gcc 0.0.8 176.41 OK
r-devel-windows-x86_64 0.0.8 94.00 172.00 266.00 OK
r-patched-linux-x86_64 0.0.8 22.74 108.95 131.69 OK
r-release-linux-x86_64 0.0.8 0.50 2.93 3.43 ERROR
r-release-macos-arm64 0.0.8 44.00 OK
r-release-macos-x86_64 0.0.8 66.00 OK
r-release-windows-x86_64 0.0.8 79.00 149.00 228.00 OK
r-oldrel-macos-arm64 0.0.8 43.00 OK
r-oldrel-macos-x86_64 0.0.8 68.00 OK
r-oldrel-windows-ix86+x86_64 0.0.8 52.00 144.00 196.00 OK

Check Details

Version: 0.0.8
Check: package dependencies
Result: ERROR
    Package required but not available: 'hdf5r'
    
    See section 'The DESCRIPTION file' in the 'Writing R Extensions'
    manual.
Flavors: r-devel-linux-x86_64-debian-clang, r-release-linux-x86_64