CRAN Package Check Results for Package rasterpdf

Last updated on 2023-10-01 08:52:08 CEST.

Flavor Version Tinstall Tcheck Ttotal Status Flags
r-devel-linux-x86_64-debian-clang 0.1.1 2.10 24.68 26.78 NOTE
r-devel-linux-x86_64-debian-gcc 0.1.1 1.71 19.58 21.29 NOTE
r-devel-linux-x86_64-fedora-clang 0.1.1 33.17 NOTE
r-devel-linux-x86_64-fedora-gcc 0.1.1 32.54 NOTE
r-devel-windows-x86_64 0.1.1 4.00 42.00 46.00 NOTE
r-patched-linux-x86_64 0.1.1 2.01 23.42 25.43 NOTE
r-release-linux-x86_64 0.1.1 2.15 23.51 25.66 NOTE
r-release-macos-arm64 0.1.1 15.00 NOTE
r-release-macos-x86_64 0.1.1 20.00 NOTE
r-release-windows-x86_64 0.1.1 4.00 41.00 45.00 NOTE
r-oldrel-macos-arm64 0.1.1 15.00 NOTE
r-oldrel-macos-x86_64 0.1.1 22.00 NOTE
r-oldrel-windows-x86_64 0.1.1 5.00 43.00 48.00 NOTE

Check Details

Version: 0.1.1
Check: LazyData
Result: NOTE
     'LazyData' is specified without a 'data' directory
Flavors: r-devel-linux-x86_64-debian-clang, r-devel-linux-x86_64-debian-gcc, r-devel-linux-x86_64-fedora-clang, r-devel-linux-x86_64-fedora-gcc, r-devel-windows-x86_64, r-patched-linux-x86_64, r-release-linux-x86_64, r-release-macos-arm64, r-release-macos-x86_64, r-release-windows-x86_64, r-oldrel-macos-arm64, r-oldrel-macos-x86_64, r-oldrel-windows-x86_64