CRAN Package Check Results for Package rasterpdf

Last updated on 2024-06-22 08:52:11 CEST.

Flavor Version Tinstall Tcheck Ttotal Status Flags
r-devel-linux-x86_64-debian-clang 0.1.1 2.19 25.24 27.43 NOTE
r-devel-linux-x86_64-debian-gcc 0.1.1 1.69 19.87 21.56 NOTE
r-devel-linux-x86_64-fedora-clang 0.1.1 35.59 NOTE
r-devel-linux-x86_64-fedora-gcc 0.1.1 33.84 NOTE
r-devel-windows-x86_64 0.1.1 2.00 41.00 43.00 NOTE
r-patched-linux-x86_64 0.1.1 2.24 24.96 27.20 NOTE
r-release-linux-x86_64 0.1.1 2.09 24.81 26.90 NOTE
r-release-macos-arm64 0.1.1 14.00 NOTE
r-release-macos-x86_64 0.1.1 22.00 NOTE
r-release-windows-x86_64 0.1.1 3.00 41.00 44.00 NOTE
r-oldrel-macos-arm64 0.1.1 15.00 NOTE
r-oldrel-macos-x86_64 0.1.1 20.00 NOTE
r-oldrel-windows-x86_64 0.1.1 3.00 42.00 45.00 NOTE

Check Details

Version: 0.1.1
Check: LazyData
Result: NOTE 'LazyData' is specified without a 'data' directory Flavors: r-devel-linux-x86_64-debian-clang, r-devel-linux-x86_64-debian-gcc, r-devel-linux-x86_64-fedora-clang, r-devel-linux-x86_64-fedora-gcc, r-devel-windows-x86_64, r-patched-linux-x86_64, r-release-linux-x86_64, r-release-macos-arm64, r-release-macos-x86_64, r-release-windows-x86_64, r-oldrel-macos-arm64, r-oldrel-macos-x86_64, r-oldrel-windows-x86_64