CRAN Package Check Results for Package rasterdiv

Last updated on 2022-11-29 06:50:56 CET.

Flavor Version Tinstall Tcheck Ttotal Status Flags
r-devel-linux-x86_64-debian-clang 0.3.1 49.65 545.73 595.38 OK
r-devel-linux-x86_64-debian-gcc 0.3.1 42.07 404.22 446.29 OK
r-devel-linux-x86_64-fedora-clang 0.3.1 807.63 OK
r-devel-linux-x86_64-fedora-gcc 0.3.1 789.47 OK
r-devel-windows-x86_64 0.3.1 58.00 342.00 400.00 OK
r-patched-linux-x86_64 0.3.1 52.11 537.91 590.02 OK
r-release-linux-x86_64 0.3.1 46.37 503.54 549.91 OK
r-release-macos-arm64 0.2-5.2 172.00 NOTE
r-release-macos-x86_64 0.3.1 244.00 OK
r-release-windows-x86_64 0.3.1 51.00 528.00 579.00 OK
r-oldrel-macos-arm64 0.2-5.2 152.00 NOTE
r-oldrel-macos-x86_64 0.3.1 249.00 OK
r-oldrel-windows-ix86+x86_64 0.3.1 88.00 430.00 518.00 OK

Check Details

Version: 0.2-5.2
Check: installed package size
Result: NOTE
     installed size is 5.1Mb
     sub-directories of 1Mb or more:
     data 4.1Mb
Flavors: r-release-macos-arm64, r-oldrel-macos-arm64