Last updated on 2023-02-01 19:54:18 CET.
Flavor | Version | Tinstall | Tcheck | Ttotal | Status | Flags |
---|---|---|---|---|---|---|
r-devel-linux-x86_64-debian-clang | 3.6-14 | 251.89 | 484.21 | 736.10 | NOTE | |
r-devel-linux-x86_64-debian-gcc | 3.6-14 | 198.35 | 350.39 | 548.74 | NOTE | |
r-devel-linux-x86_64-fedora-clang | 3.6-14 | 998.06 | NOTE | |||
r-devel-linux-x86_64-fedora-gcc | 3.6-14 | 994.23 | NOTE | |||
r-devel-windows-x86_64 | 3.6-14 | 488.00 | 576.00 | 1064.00 | NOTE | |
r-patched-linux-x86_64 | 3.6-14 | 225.51 | 458.69 | 684.20 | OK | |
r-release-linux-x86_64 | 3.6-14 | 216.64 | 460.48 | 677.12 | OK | |
r-release-macos-arm64 | 3.6-14 | 149.00 | NOTE | |||
r-release-macos-x86_64 | 3.6-14 | 265.00 | NOTE | |||
r-release-windows-x86_64 | 3.6-14 | 395.00 | 607.00 | 1002.00 | NOTE | |
r-oldrel-macos-arm64 | 3.6-14 | 141.00 | NOTE | |||
r-oldrel-macos-x86_64 | 3.6-14 | 252.00 | NOTE | |||
r-oldrel-windows-ix86+x86_64 | 3.6-14 | 553.00 | 694.00 | 1247.00 | NOTE |
Version: 3.6-14
Check: C++ specification
Result: NOTE
Specified C++11: please update to current default of C++17
Flavors: r-devel-linux-x86_64-debian-clang, r-devel-linux-x86_64-debian-gcc, r-devel-linux-x86_64-fedora-clang, r-devel-linux-x86_64-fedora-gcc, r-devel-windows-x86_64
Version: 3.6-14
Check: installed package size
Result: NOTE
installed size is 5.5Mb
sub-directories of 1Mb or more:
R 3.0Mb
libs 1.4Mb
Flavors: r-devel-windows-x86_64, r-release-macos-arm64, r-release-macos-x86_64, r-release-windows-x86_64, r-oldrel-macos-arm64, r-oldrel-macos-x86_64, r-oldrel-windows-ix86+x86_64