CRAN Package Check Results for Package raster

Last updated on 2024-02-23 07:52:18 CET.

Flavor Version Tinstall Tcheck Ttotal Status Flags
r-devel-linux-x86_64-debian-clang 3.6-26 OK
r-devel-linux-x86_64-debian-gcc 3.6-26 213.12 388.65 601.77 OK
r-devel-linux-x86_64-fedora-clang 3.6-26 1049.79 OK
r-devel-linux-x86_64-fedora-gcc 3.6-26 1073.05 OK
r-devel-windows-x86_64 3.6-26 211.00 420.00 631.00 NOTE
r-patched-linux-x86_64 3.6-26 252.64 514.99 767.63 OK
r-release-linux-x86_64 3.6-26 248.61 516.97 765.58 OK
r-release-macos-arm64 3.6-26 213.00 NOTE
r-release-macos-x86_64 3.6-26 570.00 NOTE
r-release-windows-x86_64 3.6-26 279.00 549.00 828.00 NOTE
r-oldrel-macos-arm64 3.6-26 193.00 NOTE
r-oldrel-windows-x86_64 3.6-26 269.00 535.00 804.00 NOTE

Check Details

Version: 3.6-26
Check: installed package size
Result: NOTE installed size is 5.5Mb sub-directories of 1Mb or more: R 3.1Mb libs 1.4Mb Flavors: r-devel-windows-x86_64, r-release-macos-arm64, r-release-macos-x86_64, r-release-windows-x86_64, r-oldrel-macos-arm64, r-oldrel-windows-x86_64