Last updated on 2023-12-01 07:50:16 CET.
Flavor | Version | Tinstall | Tcheck | Ttotal | Status | Flags |
---|---|---|---|---|---|---|
r-devel-linux-x86_64-debian-clang | 2.1 | 22.27 | 73.13 | 95.40 | NOTE | |
r-devel-linux-x86_64-debian-gcc | 2.1 | 17.77 | 53.77 | 71.54 | NOTE | |
r-devel-linux-x86_64-fedora-clang | 2.1 | 140.69 | OK | |||
r-devel-linux-x86_64-fedora-gcc | 2.1 | 132.26 | OK | |||
r-devel-windows-x86_64 | 2.1 | 24.00 | 92.00 | 116.00 | OK | |
r-patched-linux-x86_64 | 2.1 | 23.91 | 70.23 | 94.14 | OK | |
r-release-linux-x86_64 | 2.1 | 20.88 | 68.97 | 89.85 | OK | |
r-release-macos-arm64 | 2.1 | 43.00 | OK | |||
r-release-macos-x86_64 | 2.1 | 64.00 | OK | |||
r-release-windows-x86_64 | 2.1 | 31.00 | 110.00 | 141.00 | OK | |
r-oldrel-macos-arm64 | 2.1 | 33.00 | OK | |||
r-oldrel-macos-x86_64 | 2.1 | 54.00 | OK | |||
r-oldrel-windows-x86_64 | 2.1 | 28.00 | 102.00 | 130.00 | OK |
Version: 2.1
Check: Rd files
Result: NOTE
checkRd: (-1) addRasterLegend.Rd:89: Lost braces in \itemize; \value handles \item{}{} directly
checkRd: (-1) addRasterLegend.Rd:90: Lost braces in \itemize; \value handles \item{}{} directly
checkRd: (-1) addRasterLegend.Rd:91: Lost braces in \itemize; \value handles \item{}{} directly
checkRd: (-1) addRasterLegend.Rd:92: Lost braces in \itemize; \value handles \item{}{} directly
checkRd: (-1) addRasterLegend.Rd:93: Lost braces in \itemize; \value handles \item{}{} directly
Flavors: r-devel-linux-x86_64-debian-clang, r-devel-linux-x86_64-debian-gcc