CRAN Package Check Results for Package randomForestExplainer

Last updated on 2022-11-29 06:50:56 CET.

Flavor Version Tinstall Tcheck Ttotal Status Flags
r-devel-linux-x86_64-debian-clang 0.10.1 8.38 295.72 304.10 NOTE
r-devel-linux-x86_64-debian-gcc 0.10.1 6.52 211.01 217.53 NOTE
r-devel-linux-x86_64-fedora-clang 0.10.1 361.11 NOTE
r-devel-linux-x86_64-fedora-gcc 0.10.1 354.68 NOTE
r-devel-windows-x86_64 0.10.1 57.00 315.00 372.00 NOTE
r-patched-linux-x86_64 0.10.1 6.12 275.37 281.49 NOTE
r-release-linux-x86_64 0.10.1 7.20 268.59 275.79 NOTE
r-release-macos-arm64 0.10.1 83.00 NOTE
r-release-macos-x86_64 0.10.1 180.00 NOTE
r-release-windows-x86_64 0.10.1 133.00 313.00 446.00 NOTE
r-oldrel-macos-arm64 0.10.1 127.00 NOTE
r-oldrel-macos-x86_64 0.10.1 108.00 NOTE
r-oldrel-windows-ix86+x86_64 0.10.1 19.00 316.00 335.00 NOTE

Check Details

Version: 0.10.1
Check: LazyData
Result: NOTE
     'LazyData' is specified without a 'data' directory
Flavors: r-devel-linux-x86_64-debian-clang, r-devel-linux-x86_64-debian-gcc, r-devel-linux-x86_64-fedora-clang, r-devel-linux-x86_64-fedora-gcc, r-devel-windows-x86_64, r-patched-linux-x86_64, r-release-linux-x86_64, r-release-macos-arm64, r-release-macos-x86_64, r-release-windows-x86_64, r-oldrel-macos-arm64, r-oldrel-macos-x86_64, r-oldrel-windows-ix86+x86_64