Last updated on 2022-08-17 20:54:51 CEST.
Flavor | Version | Tinstall | Tcheck | Ttotal | Status | Flags |
---|---|---|---|---|---|---|
r-devel-linux-x86_64-debian-clang | 1.4.4 | 15.25 | 195.16 | 210.41 | OK | |
r-devel-linux-x86_64-debian-gcc | 1.4.4 | OK | ||||
r-devel-linux-x86_64-fedora-clang | 1.4.4 | 261.38 | NOTE | |||
r-devel-linux-x86_64-fedora-gcc | 1.4.4 | 275.59 | OK | |||
r-devel-windows-x86_64 | 1.4.4 | 19.00 | 215.00 | 234.00 | OK | |
r-patched-linux-x86_64 | 1.4.4 | 14.97 | 179.90 | 194.87 | OK | |
r-release-linux-x86_64 | 1.4.4 | 15.89 | 179.10 | 194.99 | OK | |
r-release-macos-arm64 | 1.4.4 | 73.00 | OK | |||
r-release-macos-x86_64 | 1.4.4 | 120.00 | OK | |||
r-release-windows-x86_64 | 1.4.4 | 18.00 | 212.00 | 230.00 | OK | |
r-oldrel-macos-arm64 | 1.4.4 | 72.00 | OK | |||
r-oldrel-macos-x86_64 | 1.4.4 | 118.00 | OK | |||
r-oldrel-windows-ix86+x86_64 | 1.4.4 | 37.00 | 207.00 | 244.00 | OK |
Version: 1.4.4
Check: installed package size
Result: NOTE
installed size is 5.0Mb
sub-directories of 1Mb or more:
doc 4.9Mb
Flavor: r-devel-linux-x86_64-fedora-clang