CRAN Package Check Results for Package rODE

Last updated on 2023-03-28 08:55:01 CEST.

Flavor Version Tinstall Tcheck Ttotal Status Flags
r-devel-linux-x86_64-debian-clang 0.99.6 5.44 124.42 129.86 NOTE
r-devel-linux-x86_64-debian-gcc 0.99.6 4.58 90.32 94.90 NOTE
r-devel-linux-x86_64-fedora-clang 0.99.6 154.54 NOTE
r-devel-linux-x86_64-fedora-gcc 0.99.6 160.74 NOTE
r-patched-linux-x86_64 0.99.6 6.20 116.39 122.59 NOTE
r-release-linux-x86_64 0.99.6 5.98 115.78 121.76 NOTE
r-release-macos-arm64 0.99.6 42.00 NOTE
r-release-macos-x86_64 0.99.6 70.00 NOTE
r-release-windows-x86_64 0.99.6 92.00 174.00 266.00 NOTE
r-oldrel-macos-arm64 0.99.6 62.00 NOTE
r-oldrel-macos-x86_64 0.99.6 90.00 NOTE
r-oldrel-windows-ix86+x86_64 0.99.6 11.00 157.00 168.00 NOTE

Check Details

Version: 0.99.6
Check: LazyData
Result: NOTE
     'LazyData' is specified without a 'data' directory
Flavors: r-devel-linux-x86_64-debian-clang, r-devel-linux-x86_64-debian-gcc, r-devel-linux-x86_64-fedora-clang, r-devel-linux-x86_64-fedora-gcc, r-patched-linux-x86_64, r-release-linux-x86_64, r-release-macos-arm64, r-release-macos-x86_64, r-release-windows-x86_64, r-oldrel-macos-arm64, r-oldrel-macos-x86_64, r-oldrel-windows-ix86+x86_64

Version: 0.99.6
Check: dependencies in R code
Result: NOTE
    Namespace in Imports field not imported from: ‘data.table’
     All declared Imports should be used.
Flavors: r-devel-linux-x86_64-fedora-clang, r-devel-linux-x86_64-fedora-gcc, r-release-macos-arm64, r-release-macos-x86_64, r-oldrel-macos-arm64, r-oldrel-macos-x86_64