Last updated on 2023-10-02 20:12:09 CEST.
Flavor | Version | Tinstall | Tcheck | Ttotal | Status | Flags |
---|---|---|---|---|---|---|
r-devel-linux-x86_64-debian-clang | 1.0.7 | 132.89 | 72.12 | 205.01 | OK | |
r-devel-linux-x86_64-debian-gcc | 1.0.7 | 96.25 | 55.49 | 151.74 | OK | |
r-devel-linux-x86_64-fedora-clang | 1.0.7 | 277.50 | OK | |||
r-devel-linux-x86_64-fedora-gcc | 1.0.7 | 290.14 | OK | |||
r-devel-windows-x86_64 | 1.0.7 | 98.00 | 95.00 | 193.00 | OK | |
r-patched-linux-x86_64 | 1.0.7 | 132.95 | 72.84 | 205.79 | OK | |
r-release-linux-x86_64 | 1.0.7 | 134.33 | 71.57 | 205.90 | OK | |
r-release-macos-arm64 | 1.0.7 | 67.00 | NOTE | |||
r-release-macos-x86_64 | 1.0.7 | 95.00 | NOTE | |||
r-release-windows-x86_64 | 1.0.7 | 128.00 | 113.00 | 241.00 | OK | |
r-oldrel-macos-arm64 | 1.0.7 | 56.00 | NOTE | |||
r-oldrel-macos-x86_64 | 1.0.7 | 88.00 | NOTE | |||
r-oldrel-windows-x86_64 | 1.0.7 | 120.00 | 105.00 | 225.00 | OK |
Version: 1.0.7
Check: installed package size
Result: NOTE
installed size is 18.9Mb
sub-directories of 1Mb or more:
libs 17.7Mb
Flavors: r-release-macos-arm64, r-release-macos-x86_64, r-oldrel-macos-arm64, r-oldrel-macos-x86_64