CRAN Package Check Results for Package rMVP

Last updated on 2022-11-29 06:50:57 CET.

Flavor Version Tinstall Tcheck Ttotal Status Flags
r-devel-linux-x86_64-debian-clang 1.0.6 125.67 76.48 202.15 OK
r-devel-linux-x86_64-debian-gcc 1.0.6 100.14 58.11 158.25 OK
r-devel-linux-x86_64-fedora-clang 1.0.6 286.08 NOTE
r-devel-linux-x86_64-fedora-gcc 1.0.6 273.26 NOTE
r-devel-windows-x86_64 1.0.6 111.00 137.00 248.00 OK
r-patched-linux-x86_64 1.0.6 112.71 71.19 183.90 OK
r-release-linux-x86_64 1.0.6 103.92 73.39 177.31 OK
r-release-macos-arm64 1.0.6 57.00 NOTE
r-release-macos-x86_64 1.0.6 82.00 NOTE
r-release-windows-x86_64 1.0.6 124.00 131.00 255.00 OK
r-oldrel-macos-arm64 1.0.6 78.00 NOTE
r-oldrel-macos-x86_64 1.0.6 122.00 NOTE
r-oldrel-windows-ix86+x86_64 1.0.6 286.00 138.00 424.00 OK

Check Details

Version: 1.0.6
Check: dependencies in R code
Result: NOTE
    Namespace in Imports field not imported from: ‘Rcpp’
     All declared Imports should be used.
Flavors: r-devel-linux-x86_64-fedora-clang, r-devel-linux-x86_64-fedora-gcc, r-release-macos-arm64, r-release-macos-x86_64, r-oldrel-macos-arm64, r-oldrel-macos-x86_64

Version: 1.0.6
Check: installed package size
Result: NOTE
     installed size is 20.3Mb
     sub-directories of 1Mb or more:
     libs 19.1Mb
Flavors: r-release-macos-arm64, r-release-macos-x86_64, r-oldrel-macos-arm64, r-oldrel-macos-x86_64