Last updated on 2023-04-01 08:55:50 CEST.
Flavor | Version | Tinstall | Tcheck | Ttotal | Status | Flags |
---|---|---|---|---|---|---|
r-devel-linux-x86_64-debian-clang | 0.2-10 | 127.44 | 192.80 | 320.24 | OK | |
r-devel-linux-x86_64-debian-gcc | 0.2-10 | 103.87 | 136.50 | 240.37 | OK | |
r-devel-linux-x86_64-fedora-clang | 0.2-10 | 422.51 | OK | |||
r-devel-linux-x86_64-fedora-gcc | 0.2-10 | 402.70 | OK | |||
r-devel-windows-x86_64 | 0.2-10 | 156.00 | 0.00 | 156.00 | OK | |
r-patched-linux-x86_64 | 0.2-10 | 107.87 | 184.43 | 292.30 | OK | |
r-release-linux-x86_64 | 0.2-10 | 104.87 | 179.00 | 283.87 | OK | |
r-release-macos-arm64 | 0.2-10 | 90.00 | NOTE | |||
r-release-macos-x86_64 | 0.2-10 | 162.00 | NOTE | |||
r-release-windows-x86_64 | 0.2-10 | 235.00 | 224.00 | 459.00 | OK | |
r-oldrel-macos-arm64 | 0.2-10 | 84.00 | NOTE | |||
r-oldrel-macos-x86_64 | 0.2-10 | 161.00 | NOTE | |||
r-oldrel-windows-ix86+x86_64 | 0.2-10 | 295.00 | 356.00 | 651.00 | OK |
Version: 0.2-10
Check: installed package size
Result: NOTE
installed size is 8.3Mb
sub-directories of 1Mb or more:
libs 7.9Mb
Flavors: r-release-macos-arm64, r-release-macos-x86_64, r-oldrel-macos-arm64, r-oldrel-macos-x86_64