CRAN Package Check Results for Package qtl2pattern

Last updated on 2022-10-02 20:52:52 CEST.

Flavor Version Tinstall Tcheck Ttotal Status Flags
r-devel-linux-x86_64-debian-clang 1.2.0 9.47 103.31 112.78 OK
r-devel-linux-x86_64-debian-gcc 1.2.0 8.09 76.00 84.09 OK
r-devel-linux-x86_64-fedora-clang 1.2.0 147.63 NOTE
r-devel-linux-x86_64-fedora-gcc 1.2.0 139.10 NOTE
r-devel-windows-x86_64 1.2.0 36.00 129.00 165.00 OK
r-patched-linux-x86_64 1.2.0 9.31 96.11 105.42 OK
r-release-linux-x86_64 1.2.0 9.18 94.62 103.80 OK
r-release-macos-arm64 1.2.0 48.00 NOTE
r-release-macos-x86_64 1.2.0 79.00 NOTE
r-release-windows-x86_64 1.2.0 14.00 129.00 143.00 OK
r-oldrel-macos-arm64 1.2.0 45.00 NOTE
r-oldrel-macos-x86_64 1.2.0 54.00 NOTE
r-oldrel-windows-ix86+x86_64 1.2.0 23.00 129.00 152.00 OK

Check Details

Version: 1.2.0
Check: dependencies in R code
Result: NOTE
    Namespaces in Imports field not imported from:
     ‘RColorBrewer’ ‘purrr’
     All declared Imports should be used.
Flavors: r-devel-linux-x86_64-fedora-clang, r-devel-linux-x86_64-fedora-gcc, r-release-macos-arm64, r-release-macos-x86_64, r-oldrel-macos-arm64, r-oldrel-macos-x86_64