CRAN Package Check Results for Package qs

Last updated on 2022-08-09 20:53:57 CEST.

Flavor Version Tinstall Tcheck Ttotal Status Flags
r-devel-linux-x86_64-debian-clang 0.25.3 41.95 841.40 883.35 OK
r-devel-linux-x86_64-debian-gcc 0.25.3 44.08 587.30 631.38 OK
r-devel-linux-x86_64-fedora-clang 0.25.3 1002.42 NOTE
r-devel-linux-x86_64-fedora-gcc 0.25.3 1028.40 NOTE
r-devel-windows-x86_64 0.25.3 85.00 871.00 956.00 OK
r-patched-linux-x86_64 0.25.3 50.35 785.27 835.62 OK
r-release-linux-x86_64 0.25.3 OK
r-release-macos-arm64 0.25.3 153.00 NOTE
r-release-macos-x86_64 0.25.3 364.00 NOTE
r-release-windows-x86_64 0.25.3 88.00 908.00 996.00 OK
r-oldrel-macos-arm64 0.25.3 155.00 NOTE
r-oldrel-macos-x86_64 0.25.3 188.00 NOTE
r-oldrel-windows-ix86+x86_64 0.25.3 216.00 0.00 216.00 FAIL

Check Details

Version: 0.25.3
Check: dependencies in R code
Result: NOTE
    Namespace in Imports field not imported from: ‘Rcpp’
     All declared Imports should be used.
Flavors: r-devel-linux-x86_64-fedora-clang, r-devel-linux-x86_64-fedora-gcc, r-release-macos-arm64, r-release-macos-x86_64, r-oldrel-macos-arm64, r-oldrel-macos-x86_64

Version: 0.25.3
Check: installed package size
Result: NOTE
     installed size is 12.3Mb
     sub-directories of 1Mb or more:
     doc 1.1Mb
     libs 10.9Mb
Flavors: r-release-macos-arm64, r-release-macos-x86_64, r-oldrel-macos-arm64, r-oldrel-macos-x86_64, r-oldrel-windows-ix86+x86_64

Version: 0.25.3
Check: running tests for arch ‘x64’
Result: FAIL
    Check process probably crashed or hung up for 20 minutes ... killed
    Most likely this happened in the example checks (?),
    if not, ignore the following last lines of example output:
    
    ======== End of example output (where/before crash/hang up occured ?) ========
Flavor: r-oldrel-windows-ix86+x86_64