CRAN Package Check Results for Package qlcMatrix

Last updated on 2024-06-22 08:52:11 CEST.

Flavor Version Tinstall Tcheck Ttotal Status Flags
r-devel-linux-x86_64-debian-clang 0.9.8 9.30 176.05 185.35 OK
r-devel-linux-x86_64-debian-gcc 0.9.8 5.45 128.33 133.78 OK
r-devel-linux-x86_64-fedora-clang 0.9.8 218.93 NOTE
r-devel-linux-x86_64-fedora-gcc 0.9.8 228.98 NOTE
r-devel-windows-x86_64 0.9.8 9.00 157.00 166.00 OK
r-patched-linux-x86_64 0.9.8 13.27 158.17 171.44 OK
r-release-linux-x86_64 0.9.8 8.06 163.46 171.52 OK
r-release-macos-arm64 0.9.8 79.00 OK
r-release-macos-x86_64 0.9.8 115.00 OK
r-release-windows-x86_64 0.9.8 9.00 158.00 167.00 OK
r-oldrel-macos-arm64 0.9.8 76.00 OK
r-oldrel-macos-x86_64 0.9.8 221.00 OK
r-oldrel-windows-x86_64 0.9.8 12.00 197.00 209.00 OK

Check Details

Version: 0.9.8
Check: data for non-ASCII characters
Result: NOTE Note: found 76102 marked UTF-8 strings Flavors: r-devel-linux-x86_64-fedora-clang, r-devel-linux-x86_64-fedora-gcc