CRAN Package Check Results for Package qcapower

Last updated on 2023-03-25 19:54:12 CET.

Flavor Version Tinstall Tcheck Ttotal Status Flags
r-devel-linux-x86_64-debian-clang 0.1.0 6.76 62.80 69.56 OK
r-devel-linux-x86_64-debian-gcc 0.1.0 4.96 47.79 52.75 OK
r-devel-linux-x86_64-fedora-clang 0.1.0 84.94 NOTE
r-devel-linux-x86_64-fedora-gcc 0.1.0 91.54 NOTE
r-patched-linux-x86_64 0.1.0 6.49 60.39 66.88 OK
r-release-linux-x86_64 0.1.0 5.45 60.10 65.55 OK
r-release-macos-arm64 0.1.0 28.00 NOTE
r-release-macos-x86_64 0.1.0 58.00 NOTE
r-release-windows-x86_64 0.1.0 11.00 96.00 107.00 OK
r-oldrel-macos-arm64 0.1.0 35.00 NOTE
r-oldrel-macos-x86_64 0.1.0 48.00 NOTE
r-oldrel-windows-ix86+x86_64 0.1.0 18.00 96.00 114.00 OK

Check Details

Version: 0.1.0
Check: dependencies in R code
Result: NOTE
    Namespace in Imports field not imported from: ‘devtools’
     All declared Imports should be used.
Flavors: r-devel-linux-x86_64-fedora-clang, r-devel-linux-x86_64-fedora-gcc, r-release-macos-arm64, r-release-macos-x86_64, r-oldrel-macos-arm64, r-oldrel-macos-x86_64