CRAN Package Check Results for Package psrwe

Last updated on 2022-11-29 06:50:55 CET.

Flavor Version Tinstall Tcheck Ttotal Status Flags
r-devel-linux-x86_64-debian-clang 3.1 351.06 204.09 555.15 NOTE
r-devel-linux-x86_64-debian-gcc 3.1 329.75 166.18 495.93 NOTE
r-devel-linux-x86_64-fedora-clang 3.1 716.97 NOTE
r-devel-linux-x86_64-fedora-gcc 3.1 824.44 NOTE
r-devel-windows-x86_64 3.1 1510.00 266.00 1776.00 NOTE
r-patched-linux-x86_64 3.1 302.40 211.61 514.01 NOTE
r-release-linux-x86_64 3.1 279.88 211.75 491.63 NOTE
r-release-macos-arm64 3.1 193.00 NOTE
r-release-macos-x86_64 3.1 329.00 NOTE
r-release-windows-x86_64 3.1 263.00 265.00 528.00 NOTE
r-oldrel-macos-arm64 3.1 202.00 NOTE
r-oldrel-macos-x86_64 3.1 243.00 NOTE
r-oldrel-windows-ix86+x86_64 3.1 416.00 237.00 653.00 NOTE

Check Details

Version: 3.1
Check: for GNU extensions in Makefiles
Result: NOTE
    GNU make is a SystemRequirements.
Flavors: r-devel-linux-x86_64-debian-clang, r-devel-linux-x86_64-debian-gcc, r-devel-linux-x86_64-fedora-clang, r-devel-linux-x86_64-fedora-gcc, r-devel-windows-x86_64, r-patched-linux-x86_64, r-release-linux-x86_64, r-release-macos-arm64, r-release-macos-x86_64, r-release-windows-x86_64, r-oldrel-macos-arm64, r-oldrel-macos-x86_64, r-oldrel-windows-ix86+x86_64

Version: 3.1
Check: installed package size
Result: NOTE
     installed size is 50.2Mb
     sub-directories of 1Mb or more:
     libs 49.5Mb
Flavors: r-release-macos-arm64, r-release-macos-x86_64, r-oldrel-macos-arm64, r-oldrel-macos-x86_64