CRAN Package Check Results for Package psre

Last updated on 2022-11-16 08:03:00 CET.

Flavor Version Tinstall Tcheck Ttotal Status Flags
r-devel-linux-x86_64-debian-clang 0.1.2 OK
r-devel-linux-x86_64-debian-gcc 0.1.2 17.62 146.64 164.26 OK
r-devel-linux-x86_64-fedora-clang 0.1.2 292.04 NOTE
r-devel-linux-x86_64-fedora-gcc 0.1.2 273.52 NOTE
r-devel-windows-x86_64 0.1.2 75.00 220.00 295.00 OK
r-patched-linux-x86_64 0.1.2 28.27 187.68 215.95 OK
r-release-linux-x86_64 0.1.2 19.46 182.13 201.59 OK
r-release-macos-arm64 0.1.2 68.00 NOTE
r-release-macos-x86_64 0.1.2 103.00 NOTE
r-release-windows-x86_64 0.1.2 68.00 216.00 284.00 OK
r-oldrel-macos-arm64 0.1.2 71.00 NOTE
r-oldrel-macos-x86_64 0.1.2 91.00 NOTE
r-oldrel-windows-ix86+x86_64 0.1.2 44.00 203.00 247.00 OK

Check Details

Version: 0.1.2
Check: data for non-ASCII characters
Result: NOTE
     Note: found 140 marked UTF-8 strings
Flavors: r-devel-linux-x86_64-fedora-clang, r-devel-linux-x86_64-fedora-gcc, r-release-macos-arm64, r-release-macos-x86_64, r-oldrel-macos-arm64, r-oldrel-macos-x86_64