CRAN Package Check Results for Package psfmi

Last updated on 2022-10-04 20:53:47 CEST.

Flavor Version Tinstall Tcheck Ttotal Status Flags
r-devel-linux-x86_64-debian-clang 1.0.0 31.46 675.80 707.26 OK
r-devel-linux-x86_64-debian-gcc 1.0.0 24.31 491.12 515.43 OK
r-devel-linux-x86_64-fedora-clang 1.0.0 908.56 NOTE
r-devel-linux-x86_64-fedora-gcc 1.0.0 901.33 NOTE
r-devel-windows-x86_64 1.0.0 65.00 718.00 783.00 OK
r-patched-linux-x86_64 1.0.0 26.96 623.91 650.87 OK
r-release-linux-x86_64 1.0.0 28.45 642.89 671.34 OK
r-release-macos-arm64 1.0.0 224.00 NOTE
r-release-macos-x86_64 1.0.0 379.00 NOTE
r-release-windows-x86_64 1.0.0 62.00 686.00 748.00 OK
r-oldrel-macos-arm64 1.0.0 261.00 NOTE
r-oldrel-macos-x86_64 1.0.0 320.00 NOTE
r-oldrel-windows-ix86+x86_64 1.0.0 63.00 811.00 874.00 OK

Check Details

Version: 1.0.0
Check: dependencies in R code
Result: NOTE
    Namespace in Imports field not imported from: ‘miceadds’
     All declared Imports should be used.
Flavors: r-devel-linux-x86_64-fedora-clang, r-devel-linux-x86_64-fedora-gcc, r-release-macos-arm64, r-release-macos-x86_64, r-oldrel-macos-arm64, r-oldrel-macos-x86_64