Last updated on 2023-03-28 08:54:58 CEST.
Flavor | Version | Tinstall | Tcheck | Ttotal | Status | Flags |
---|---|---|---|---|---|---|
r-devel-linux-x86_64-debian-clang | 1.1.0 | 17.55 | 143.99 | 161.54 | OK | |
r-devel-linux-x86_64-debian-gcc | 1.1.0 | 15.56 | 108.80 | 124.36 | OK | |
r-devel-linux-x86_64-fedora-clang | 1.1.0 | 202.98 | OK | |||
r-devel-linux-x86_64-fedora-gcc | 1.1.0 | 188.39 | OK | |||
r-patched-linux-x86_64 | 1.1.0 | 18.50 | 135.17 | 153.67 | OK | |
r-release-linux-x86_64 | 1.1.0 | 13.28 | 137.95 | 151.23 | OK | |
r-release-macos-arm64 | 1.1.0 | 49.00 | OK | |||
r-release-macos-x86_64 | 1.1.0 | 80.00 | OK | |||
r-release-windows-x86_64 | 1.1.0 | 43.00 | 164.00 | 207.00 | OK | |
r-oldrel-macos-arm64 | 1.1.0 | 56.00 | OK | |||
r-oldrel-macos-x86_64 | 1.1.0 | 78.00 | OK | |||
r-oldrel-windows-ix86+x86_64 | 1.1.0 | 42.00 | 165.00 | 207.00 | NOTE |
Version: 1.1.0
Check: R code for possible problems
Result: NOTE
Initiating curl with CURL_SSL_BACKEND: openssl
Flavor: r-oldrel-windows-ix86+x86_64