CRAN Package Check Results for Package prophet

Last updated on 2022-12-05 07:53:49 CET.

Flavor Version Tinstall Tcheck Ttotal Status Flags
r-devel-linux-x86_64-debian-clang 1.0 133.71 442.73 576.44 NOTE
r-devel-linux-x86_64-debian-gcc 1.0 115.94 359.47 475.41 NOTE
r-devel-linux-x86_64-fedora-clang 1.0 669.99 NOTE
r-devel-linux-x86_64-fedora-gcc 1.0 760.41 NOTE
r-devel-windows-x86_64 1.0 117.00 413.00 530.00 NOTE
r-patched-linux-x86_64 1.0 115.88 446.40 562.28 NOTE
r-release-linux-x86_64 1.0 104.12 406.56 510.68 NOTE
r-release-macos-arm64 1.0 177.00 NOTE
r-release-macos-x86_64 1.0 348.00 NOTE
r-release-windows-x86_64 1.0 132.00 395.00 527.00 NOTE
r-oldrel-macos-arm64 1.0 255.00 NOTE
r-oldrel-macos-x86_64 1.0 355.00 NOTE
r-oldrel-windows-ix86+x86_64 1.0 302.00 449.00 751.00 NOTE

Check Details

Version: 1.0
Check: for GNU extensions in Makefiles
Result: NOTE
    GNU make is a SystemRequirements.
Flavors: r-devel-linux-x86_64-debian-clang, r-devel-linux-x86_64-debian-gcc, r-devel-linux-x86_64-fedora-clang, r-devel-linux-x86_64-fedora-gcc, r-devel-windows-x86_64, r-patched-linux-x86_64, r-release-linux-x86_64, r-release-macos-arm64, r-release-macos-x86_64, r-release-windows-x86_64, r-oldrel-macos-arm64, r-oldrel-macos-x86_64, r-oldrel-windows-ix86+x86_64

Version: 1.0
Check: dependencies in R code
Result: NOTE
    Namespaces in Imports field not imported from:
     ‘StanHeaders’ ‘methods’ ‘rstantools’
     All declared Imports should be used.
Flavors: r-devel-linux-x86_64-fedora-clang, r-devel-linux-x86_64-fedora-gcc, r-release-macos-arm64, r-release-macos-x86_64, r-oldrel-macos-arm64, r-oldrel-macos-x86_64

Version: 1.0
Check: installed package size
Result: NOTE
     installed size is 35.7Mb
     sub-directories of 1Mb or more:
     libs 35.0Mb
Flavors: r-release-macos-arm64, r-release-macos-x86_64, r-oldrel-macos-arm64, r-oldrel-macos-x86_64