CRAN Package Check Results for Package prettyglm

Last updated on 2022-12-06 07:54:22 CET.

Flavor Version Tinstall Tcheck Ttotal Status Flags
r-devel-linux-x86_64-debian-clang 0.1.0 10.00 88.69 98.69 OK
r-devel-linux-x86_64-debian-gcc 0.1.0 6.24 65.24 71.48 OK
r-devel-linux-x86_64-fedora-clang 0.1.0 129.88 NOTE
r-devel-linux-x86_64-fedora-gcc 0.1.0 134.37 OK
r-devel-windows-x86_64 0.1.0 20.00 121.00 141.00 OK
r-patched-linux-x86_64 0.1.0 7.30 86.31 93.61 OK
r-release-linux-x86_64 0.1.0 8.90 82.90 91.80 OK
r-release-macos-arm64 0.1.0 36.00 OK
r-release-macos-x86_64 0.1.0 65.00 OK
r-release-windows-x86_64 0.1.0 22.00 123.00 145.00 OK
r-oldrel-macos-arm64 0.1.0 110.00 OK
r-oldrel-macos-x86_64 0.1.0 57.00 OK
r-oldrel-windows-ix86+x86_64 0.1.0 22.00 113.00 135.00 OK

Check Details

Version: 0.1.0
Check: Rd cross-references
Result: NOTE
    Undeclared package ‘parsnip’ in Rd xrefs
Flavor: r-devel-linux-x86_64-fedora-clang