CRAN Package Check Results for Package prepplot

Last updated on 2024-07-23 08:49:13 CEST.

Flavor Version Tinstall Tcheck Ttotal Status Flags
r-devel-linux-x86_64-debian-clang 1.0-1 2.58 41.22 43.80 OK
r-devel-linux-x86_64-debian-gcc 1.0-1 1.60 31.48 33.08 NOTE
r-devel-linux-x86_64-fedora-clang 1.0-1 56.61 OK
r-devel-linux-x86_64-fedora-gcc 1.0-1 68.49 OK
r-devel-windows-x86_64 1.0-1 5.00 89.00 94.00 NOTE
r-patched-linux-x86_64 1.0-1 3.03 40.01 43.04 OK
r-release-linux-x86_64 1.0-1 2.31 40.05 42.36 OK
r-release-macos-arm64 1.0-1 28.00 OK
r-release-macos-x86_64 1.0-1 40.00 OK
r-release-windows-x86_64 1.0-1 3.00 89.00 92.00 OK
r-oldrel-macos-arm64 1.0-1 31.00 OK
r-oldrel-macos-x86_64 1.0-1 38.00 OK
r-oldrel-windows-x86_64 1.0-1 4.00 80.00 84.00 OK

Check Details

Version: 1.0-1
Check: Rd cross-references
Result: NOTE Found the following Rd file(s) with Rd \link{} targets missing package anchors: prepplot.Rd: Arrows Please provide package anchors for all Rd \link{} targets not in the package itself and the base packages. Flavors: r-devel-linux-x86_64-debian-gcc, r-devel-windows-x86_64